{"id":81,"date":"2020-12-04T18:49:45","date_gmt":"2020-12-04T16:49:45","guid":{"rendered":"https:\/\/www.myrace.lt\/zarasai\/?page_id=81"},"modified":"2022-04-04T17:47:22","modified_gmt":"2022-04-04T14:47:22","slug":"rezultatai-2021","status":"publish","type":"page","link":"https:\/\/www.myrace.lt\/zarasai\/rezultatai-2021\/","title":{"rendered":"Rezultatai-2021"},"content":{"rendered":"<div dir=\"auto\"><a class=\"oajrlxb2 g5ia77u1 qu0x051f esr5mh6w e9989ue4 r7d6kgcz rq0escxv nhd2j8a9 nc684nl6 p7hjln8o kvgmc6g5 cxmmr5t8 oygrvhab hcukyx3x jb3vyjys rz4wbd8a qt6c0cv9 a8nywdso i1ao9s8h esuyzwwr f1sip0of lzcic4wl q66pz984 gpro0wi8 b1v8xokw\" tabindex=\"0\" role=\"link\" href=\"https:\/\/www.facebook.com\/events\/231798238758368\/?__cft__[0]=AZWIkxKIe49sfGYSZaiqG-SLRAQn9IWbqZpPf1safBn4F5b9mHJLEb6ZKLjvAk08pQv36ngjCbEnAVQrsSpVMDrqJPLxjbFIvLVDMt4T2Z7GMM_uqGWFN3y4e4iRiKdk9WeVeI-ql-x6RU4_raPW9MdU-KfV9ai0EaBvoeJMkndXJx0Vsmn3hhuLm-zrJD_ynQk&amp;__tn__=-UK-R\"><span class=\"nc684nl6\">ZARAS\u0172 PUSMARATONIS<\/span><\/a> var\u017eyb\u0173 rezultatus gal\u0117site pe\u017ei\u016br\u0117ti pajung\u0119 \u0161ias nuorodas:<\/div>\n<div dir=\"auto\"><a class=\"oajrlxb2 g5ia77u1 qu0x051f esr5mh6w e9989ue4 r7d6kgcz rq0escxv nhd2j8a9 nc684nl6 p7hjln8o kvgmc6g5 cxmmr5t8 oygrvhab hcukyx3x jb3vyjys rz4wbd8a qt6c0cv9 a8nywdso i1ao9s8h esuyzwwr f1sip0of lzcic4wl py34i1dx gpro0wi8\" tabindex=\"0\" role=\"link\" href=\"https:\/\/www.lbma.lt\/registracija\/rezultatai?fbclid=IwAR30-LUqHFni1Anji3VQBmih44xTSJNe5ZDr55mHXP2-rnfLgZ7fMhKrJy0\" target=\"_blank\" rel=\"nofollow noopener\">https:\/\/www.lbma.lt\/registracija\/rezultatai<\/a><\/div>\n<div dir=\"auto\">Pusmaratonis \u2013 <a class=\"oajrlxb2 g5ia77u1 qu0x051f esr5mh6w e9989ue4 r7d6kgcz rq0escxv nhd2j8a9 nc684nl6 p7hjln8o kvgmc6g5 cxmmr5t8 oygrvhab hcukyx3x jb3vyjys rz4wbd8a qt6c0cv9 a8nywdso i1ao9s8h esuyzwwr f1sip0of lzcic4wl py34i1dx gpro0wi8\" tabindex=\"0\" role=\"link\" href=\"https:\/\/www.lbma.lt\/results\/rezultatai.php?race=223&amp;d=1&amp;fbclid=IwAR19mKkwvrVjemkDOqHvlor7AK5sD3tXPa7GK54avbXGG0645SzL5CB6s-8\" target=\"_blank\" rel=\"nofollow noopener\">https:\/\/www.lbma.lt\/results\/rezultatai.php?race=223&amp;d=1<\/a><\/div>\n<div dir=\"auto\">10,5 km \u2013 <a class=\"oajrlxb2 g5ia77u1 qu0x051f esr5mh6w e9989ue4 r7d6kgcz rq0escxv nhd2j8a9 nc684nl6 p7hjln8o kvgmc6g5 cxmmr5t8 oygrvhab hcukyx3x jb3vyjys rz4wbd8a qt6c0cv9 a8nywdso i1ao9s8h esuyzwwr f1sip0of lzcic4wl py34i1dx gpro0wi8\" tabindex=\"0\" role=\"link\" href=\"https:\/\/www.lbma.lt\/results\/rezultatai.php?race=223&amp;d=2&amp;fbclid=IwAR19mKkwvrVjemkDOqHvlor7AK5sD3tXPa7GK54avbXGG0645SzL5CB6s-8\" target=\"_blank\" rel=\"nofollow noopener\">https:\/\/www.lbma.lt\/results\/rezultatai.php?race=223&amp;d=2<\/a><\/div>\n<div dir=\"auto\">5 km \u2013 <a class=\"oajrlxb2 g5ia77u1 qu0x051f esr5mh6w e9989ue4 r7d6kgcz rq0escxv nhd2j8a9 nc684nl6 p7hjln8o kvgmc6g5 cxmmr5t8 oygrvhab hcukyx3x jb3vyjys rz4wbd8a qt6c0cv9 a8nywdso i1ao9s8h esuyzwwr f1sip0of lzcic4wl py34i1dx gpro0wi8\" tabindex=\"0\" role=\"link\" href=\"https:\/\/www.lbma.lt\/results\/rezultatai.php?race=223&amp;d=3&amp;fbclid=IwAR04pu39of-Zyfi1I_nTWcbC9hDWM53wIosxtpNqOumWImKsCBcmPQPHcic\" target=\"_blank\" rel=\"nofollow noopener\">https:\/\/www.lbma.lt\/results\/rezultatai.php?race=223&amp;d=3<\/a><\/div>\n<div dir=\"auto\">1,2 km \u2013 <a class=\"oajrlxb2 g5ia77u1 qu0x051f esr5mh6w e9989ue4 r7d6kgcz rq0escxv nhd2j8a9 nc684nl6 p7hjln8o kvgmc6g5 cxmmr5t8 oygrvhab hcukyx3x jb3vyjys rz4wbd8a qt6c0cv9 a8nywdso i1ao9s8h esuyzwwr f1sip0of lzcic4wl py34i1dx gpro0wi8\" tabindex=\"0\" role=\"link\" href=\"https:\/\/www.lbma.lt\/results\/rezultatai.php?race=223&amp;d=4&amp;fbclid=IwAR0z2mM3FJvsQBiyIDml6buEcc8AFOUNybRLDlzp7FCAWKR7blaAWYi_ChE\" target=\"_blank\" rel=\"nofollow noopener\">https:\/\/www.lbma.lt\/results\/rezultatai.php?race=223&amp;d=4<\/a><\/div>\n<div dir=\"auto\">500 m \u2013 <a class=\"oajrlxb2 g5ia77u1 qu0x051f esr5mh6w e9989ue4 r7d6kgcz rq0escxv nhd2j8a9 nc684nl6 p7hjln8o kvgmc6g5 cxmmr5t8 oygrvhab hcukyx3x jb3vyjys rz4wbd8a qt6c0cv9 a8nywdso i1ao9s8h esuyzwwr f1sip0of lzcic4wl py34i1dx gpro0wi8\" tabindex=\"0\" role=\"link\" href=\"https:\/\/www.lbma.lt\/results\/rezultatai.php?race=223&amp;d=5&amp;fbclid=IwAR3ROG2oP0AtieyUNevNBoqkay_3wa9sQstA_2EVjzZOLYmtnqTKmDCKr2A\" target=\"_blank\" rel=\"nofollow noopener\">https:\/\/www.lbma.lt\/results\/rezultatai.php?race=223&amp;d=5<\/a><\/div>\n<p>&nbsp;<\/p>\n<style type=\"text\/css\">\ntd {\n\tborder: 1px solid #ddd;\n\tpadding: 2px;\n\tvertical-align: middle;\n  }\n}\n<\/style>\n\n\n\t<link rel=\"stylesheet\" type=\"text\/css\" href=\"\/registravimas\/tools\/color_myrace.css\" \/>\n\t<link rel=\"stylesheet\" type=\"text\/css\" href=\"\/registravimas\/tools\/rezultatai.css\" \/><div><form name=\"f_distancija\">Pasirinkite distancij\u0105: <select style=\"width: 320px\" id=\"filtrai\" onchange=\"distancija()\"><option value=\"0\" selected=\"selected\">Visos distancijos<\/option><option value=\"1\">Pusmaratonis<\/option><option value=\"2\"> 10km<\/option><option value=\"3\"> 5km<\/option><option value=\"4\"> 1km<\/option><option value=\"5\"> 500m<\/option><option value=\"6\"> virtualus b\u0117gimas<\/option><\/select>\n\t<\/form>\n\t<script type=\"text\/javascript\">function distancija() {filtras=document.f_distancija.filtrai.value;document.location.href = \"?distancija=\" + filtras;}\n\t<\/script><\/div><div style=\"overflow-x:auto;\"><table class=\"rezai\" width=\"1024px\" border=\"1\" cellspacing=\"0\" cellpadding=\"2\"><tr class=\"rezai\"><th width=\"40px\"><a href=\"?pagal=id\">Eil.<br\/>Nr.<\/a><\/th><th width=\"70\">Diplomas<\/th><th width=\"40px\"><a href=\"?pagal=nr\">Nr.<\/a><\/th><th width=\"70px\"><a href=\"?pagal=vardas\">Vardas<\/a><\/th><th width=\"70px\"><a href=\"?pagal=pavarde\">Pavard\u0117<\/a><\/th><th width=\"40px\"><a href=\"?pagal=lytis\">Lytis<\/a><\/th><th width=\"50px\"><a href=\"?pagal=gimimo\">Gimimo<br\/>metai<\/a><\/th><th width=\"50px\"><a href=\"?pagal=salis\">\u0160alis<\/a><\/th><th width=\"100px\"><a href=\"?pagal=miestas\">Miestas<\/a><\/th><th width=\"150px\"><a href=\"?pagal=klubas\">Klubas<\/a><\/th><th width=\"100px\"><a href=\"?pagal=distancija\">Distancija<\/a><\/th><th width=\"60px\"><a href=\"?pagal=rezultatas\">Rezultatas<\/a><\/th><th width=\"50px\"><a href=\"?pagal=greitis\">1 km greitis<\/a><\/th><\/tr><tr><td colspan=13><p align=\"center\">Rezultat\u0173 dar n\u0117ra<\/p><\/td><\/tr><\/table><\/div>\n<p>&nbsp;<\/p>\n","protected":false},"excerpt":{"rendered":"<p>ZARAS\u0172 PUSMARATONIS var\u017eyb\u0173 rezultatus gal\u0117site pe\u017ei\u016br\u0117ti pajung\u0119 \u0161ias nuorodas: https:\/\/www.lbma.lt\/registracija\/rezultatai Pusmaratonis \u2013 https:\/\/www.lbma.lt\/results\/rezultatai.php?race=223&amp;d=1 10,5 km \u2013 https:\/\/www.lbma.lt\/results\/rezultatai.php?race=223&amp;d=2 5 km \u2013 https:\/\/www.lbma.lt\/results\/rezultatai.php?race=223&amp;d=3 1,2 km \u2013 https:\/\/www.lbma.lt\/results\/rezultatai.php?race=223&amp;d=4 500 m \u2013 https:\/\/www.lbma.lt\/results\/rezultatai.php?race=223&amp;d=5 &nbsp; &nbsp;<\/p>\n","protected":false},"author":1,"featured_media":0,"parent":0,"menu_order":0,"comment_status":"closed","ping_status":"closed","template":"templates\/full-width-page.php","meta":{"footnotes":""},"class_list":["post-81","page","type-page","status-publish","hentry"],"_links":{"self":[{"href":"https:\/\/www.myrace.lt\/zarasai\/wp-json\/wp\/v2\/pages\/81","targetHints":{"allow":["GET"]}}],"collection":[{"href":"https:\/\/www.myrace.lt\/zarasai\/wp-json\/wp\/v2\/pages"}],"about":[{"href":"https:\/\/www.myrace.lt\/zarasai\/wp-json\/wp\/v2\/types\/page"}],"author":[{"embeddable":true,"href":"https:\/\/www.myrace.lt\/zarasai\/wp-json\/wp\/v2\/users\/1"}],"replies":[{"embeddable":true,"href":"https:\/\/www.myrace.lt\/zarasai\/wp-json\/wp\/v2\/comments?post=81"}],"version-history":[{"count":4,"href":"https:\/\/www.myrace.lt\/zarasai\/wp-json\/wp\/v2\/pages\/81\/revisions"}],"predecessor-version":[{"id":214,"href":"https:\/\/www.myrace.lt\/zarasai\/wp-json\/wp\/v2\/pages\/81\/revisions\/214"}],"wp:attachment":[{"href":"https:\/\/www.myrace.lt\/zarasai\/wp-json\/wp\/v2\/media?parent=81"}],"curies":[{"name":"wp","href":"https:\/\/api.w.org\/{rel}","templated":true}]}}