{"id":24,"date":"2020-07-08T10:57:34","date_gmt":"2020-07-08T12:57:34","guid":{"rendered":"https:\/\/www.myrace.lt\/pasvaliomaratonas\/?page_id=24"},"modified":"2022-01-11T03:56:39","modified_gmt":"2022-01-11T01:56:39","slug":"trasa","status":"publish","type":"page","link":"https:\/\/www.myrace.lt\/pasvaliomaratonas\/trasa\/","title":{"rendered":"Trasa"},"content":{"rendered":"<p style=\"text-align: center;\"><span style=\"font-size: 28px; color: #000000;\"><strong>400m<\/strong><\/span><\/p>\n<p style=\"text-align: center;\"><span style=\"color: #000000;\">400m b\u0117gimas bus b\u0117gamas Pasvalio miesto stadione, vienas ratas.<\/span><\/p>\n<p style=\"text-align: center;\"><span style=\"font-size: 28px; color: #000000;\"><strong><span style=\"font-size: 32px;\">1<\/span>km<\/strong><\/span><\/p>\n<p style=\"text-align: center;\"><span style=\"color: #000000;\">1km b\u0117gimas bus b\u0117gamas Pasvalio miesto stadione, du ir pus\u0117 rato<\/span><\/p>\n<p style=\"text-align: center;\"><span style=\"font-size: 28px; color: #000000;\"><strong><span style=\"font-size: 32px;\">3<\/span>km<\/strong><\/span><\/p>\n<p style=\"text-align: center;\"><span style=\"color: #000000;\">1km b\u0117gimas bus b\u0117gamas Pasvalio miesto parku , startas bus parke, fini\u0161as stadione.<\/span><\/p>\n<p style=\"text-align: center;\"><span style=\"color: #000000;\">Bus b\u0117gama vienas ir pus\u0117 rato.<\/span><\/p>\n<p><span style=\"color: #000000;\"><img loading=\"lazy\" decoding=\"async\" class=\"alignnone size-full wp-image-205\" src=\"https:\/\/www.myrace.lt\/pasvaliomaratonas\/wp-content\/uploads\/sites\/19\/2021\/07\/3km-1.jpg\" alt=\"\" width=\"1269\" height=\"824\" srcset=\"https:\/\/www.myrace.lt\/pasvaliomaratonas\/wp-content\/uploads\/sites\/19\/2021\/07\/3km-1.jpg 1269w, https:\/\/www.myrace.lt\/pasvaliomaratonas\/wp-content\/uploads\/sites\/19\/2021\/07\/3km-1-300x195.jpg 300w, https:\/\/www.myrace.lt\/pasvaliomaratonas\/wp-content\/uploads\/sites\/19\/2021\/07\/3km-1-1024x665.jpg 1024w, https:\/\/www.myrace.lt\/pasvaliomaratonas\/wp-content\/uploads\/sites\/19\/2021\/07\/3km-1-768x499.jpg 768w, https:\/\/www.myrace.lt\/pasvaliomaratonas\/wp-content\/uploads\/sites\/19\/2021\/07\/3km-1-370x240.jpg 370w\" sizes=\"auto, (max-width: 1269px) 100vw, 1269px\" \/><\/span><\/p>\n<p style=\"text-align: center;\"><span style=\"font-size: 28px; color: #000000;\"><strong><span style=\"font-size: 32px;\">10<\/span>km<\/strong><\/span><\/p>\n<p style=\"text-align: center;\"><span style=\"color: #000000;\">10km b\u0117gimas bus b\u0117gamas vienas ratas<\/span><\/p>\n<p><span style=\"color: #000000;\"><img loading=\"lazy\" decoding=\"async\" class=\"alignnone size-full wp-image-207 aligncenter\" src=\"https:\/\/www.myrace.lt\/pasvaliomaratonas\/wp-content\/uploads\/sites\/19\/2021\/07\/10km-1.jpg\" alt=\"\" width=\"526\" height=\"820\" srcset=\"https:\/\/www.myrace.lt\/pasvaliomaratonas\/wp-content\/uploads\/sites\/19\/2021\/07\/10km-1.jpg 526w, https:\/\/www.myrace.lt\/pasvaliomaratonas\/wp-content\/uploads\/sites\/19\/2021\/07\/10km-1-192x300.jpg 192w\" sizes=\"auto, (max-width: 526px) 100vw, 526px\" \/><\/span><\/p>\n<p style=\"text-align: center;\"><span style=\"font-size: 32px; color: #000000;\"><b>Maratonas ir pusmaratonis<\/b><\/span><\/p>\n<p style=\"text-align: center;\"><span style=\"color: #000000;\">Maratonas ir pusmaratonis bus b\u0117gami 7km ratu.<\/span><\/p>\n<p style=\"text-align: center;\"><span style=\"color: #000000;\">Maratonui \u012fveikti reik\u0117s prab\u0117gti 6 ratus, pusmaratoniui &#8211; 3 ratus<\/span><img loading=\"lazy\" decoding=\"async\" class=\" wp-image-206 aligncenter\" src=\"https:\/\/www.myrace.lt\/pasvaliomaratonas\/wp-content\/uploads\/sites\/19\/2021\/07\/7km-1.jpg\" alt=\"\" width=\"540\" height=\"724\" srcset=\"https:\/\/www.myrace.lt\/pasvaliomaratonas\/wp-content\/uploads\/sites\/19\/2021\/07\/7km-1.jpg 399w, https:\/\/www.myrace.lt\/pasvaliomaratonas\/wp-content\/uploads\/sites\/19\/2021\/07\/7km-1-224x300.jpg 224w\" sizes=\"auto, (max-width: 540px) 100vw, 540px\" \/><\/p>\n","protected":false},"excerpt":{"rendered":"<p>400m 400m b\u0117gimas bus b\u0117gamas Pasvalio miesto stadione, vienas ratas. 1km 1km b\u0117gimas bus b\u0117gamas Pasvalio miesto stadione, du ir pus\u0117 rato 3km 1km b\u0117gimas bus b\u0117gamas Pasvalio miesto parku , startas bus parke, fini\u0161as stadione. Bus b\u0117gama vienas ir pus\u0117 rato. 10km 10km b\u0117gimas bus b\u0117gamas vienas ratas Maratonas ir pusmaratonis Maratonas ir pusmaratonis [&hellip;]<\/p>\n","protected":false},"author":1,"featured_media":0,"parent":0,"menu_order":0,"comment_status":"closed","ping_status":"closed","template":"","meta":{"footnotes":""},"class_list":["post-24","page","type-page","status-publish","hentry"],"_links":{"self":[{"href":"https:\/\/www.myrace.lt\/pasvaliomaratonas\/wp-json\/wp\/v2\/pages\/24","targetHints":{"allow":["GET"]}}],"collection":[{"href":"https:\/\/www.myrace.lt\/pasvaliomaratonas\/wp-json\/wp\/v2\/pages"}],"about":[{"href":"https:\/\/www.myrace.lt\/pasvaliomaratonas\/wp-json\/wp\/v2\/types\/page"}],"author":[{"embeddable":true,"href":"https:\/\/www.myrace.lt\/pasvaliomaratonas\/wp-json\/wp\/v2\/users\/1"}],"replies":[{"embeddable":true,"href":"https:\/\/www.myrace.lt\/pasvaliomaratonas\/wp-json\/wp\/v2\/comments?post=24"}],"version-history":[{"count":3,"href":"https:\/\/www.myrace.lt\/pasvaliomaratonas\/wp-json\/wp\/v2\/pages\/24\/revisions"}],"predecessor-version":[{"id":249,"href":"https:\/\/www.myrace.lt\/pasvaliomaratonas\/wp-json\/wp\/v2\/pages\/24\/revisions\/249"}],"wp:attachment":[{"href":"https:\/\/www.myrace.lt\/pasvaliomaratonas\/wp-json\/wp\/v2\/media?parent=24"}],"curies":[{"name":"wp","href":"https:\/\/api.w.org\/{rel}","templated":true}]}}