{"id":20,"date":"2020-07-08T10:56:58","date_gmt":"2020-07-08T12:56:58","guid":{"rendered":"https:\/\/www.myrace.lt\/naujimetai\/?page_id=20"},"modified":"2024-01-02T15:02:12","modified_gmt":"2024-01-02T13:02:12","slug":"nuostatai-2022","status":"publish","type":"page","link":"https:\/\/www.myrace.lt\/naujimetai\/nuostatai\/nuostatai-2022\/","title":{"rendered":"Nuostatai (B\u0117gimas \u012f Naujus 2022)"},"content":{"rendered":"<div class=\"kvgmc6g5 cxmmr5t8 oygrvhab hcukyx3x c1et5uql\"><span style=\"color: #000000;\"><strong>Sutik Naujuosius kitaip<\/strong> &#8211; b\u0117gimo ritmas ir draug\u0173 b\u016brys, tai renginys, kuris ilgam liks atminty\u00a0<span class=\"pq6dq46d tbxw36s4 knj5qynh kvgmc6g5 ditlmg2l oygrvhab nvdbi5me sf5mxxl7 gl3lb2sf hhz5lgdu\"><img loading=\"lazy\" decoding=\"async\" src=\"https:\/\/static.xx.fbcdn.net\/images\/emoji.php\/v9\/ta5\/1.5\/16\/1f642.png\" alt=\"\ud83d\ude42\" width=\"16\" height=\"16\" \/><\/span><\/span><\/div>\n<div class=\"o9v6fnle cxmmr5t8 oygrvhab hcukyx3x c1et5uql\"><span style=\"color: #000000;\">B\u0117gimas, maratonas, pirtis, kubilas, vai\u0161\u0117s, ferjerverkai, linksmyb\u0117s, sportas, b\u0117gimo rezultatai &#8230; ar gali visa tai b\u016bti suderinta \u012f vien\u0105 visum\u0105? Mes manome, kad <strong>TAIP!<\/strong> Ir, kad patys tuo \u012fsitikintum\u0117te, mes kvie\u010diame visus sutikti Naujus metus b\u0117gimo ritmu &#8211; Maratonas, pusmaratonis ar 10,5km, pasirink pats k\u0105 b\u0117gsi Nauj\u0173 Met\u0173 i\u0161vakar\u0117se. O po viso to &#8211; atgaiva pirtel\u0117je, kubile, vai\u0161\u0117mis nukrautas stalas, g\u0117rimai kiekvienam pagal pasirinkim\u0105 ir Nauj\u0173 Met\u0173 sutikimo sekund\u017ei\u0173 skai\u010diavimas kartu!<\/span><br \/>\n<span style=\"color: #000000;\">Atmink, kad toks renginys &#8211; pirm\u0105 kart\u0105 Lietuvoje, ir galb\u016bt jau nepasikartos. Tad ar verta abejoti ir praleisti prog\u0105 tai, kas galb\u016bt atsitinka tik kart\u0105 per \u0161imtmet\u012f\u00a0<span class=\"pq6dq46d tbxw36s4 knj5qynh kvgmc6g5 ditlmg2l oygrvhab nvdbi5me sf5mxxl7 gl3lb2sf hhz5lgdu\"><img loading=\"lazy\" decoding=\"async\" src=\"https:\/\/static.xx.fbcdn.net\/images\/emoji.php\/v9\/tb0\/1.5\/16\/1f609.png\" alt=\"\ud83d\ude09\" width=\"16\" height=\"16\" \/><\/span>\u00a0.<\/span><\/div>\n<div><\/div>\n<div class=\"o9v6fnle cxmmr5t8 oygrvhab hcukyx3x c1et5uql\"><span style=\"color: #000000;\"><strong><em>DATA:<\/em><\/strong> 2021 m. gruod\u017eio m\u0117n. 31 d.<\/span><\/div>\n<div><\/div>\n<div class=\"o9v6fnle cxmmr5t8 oygrvhab hcukyx3x c1et5uql\"><span style=\"color: #000000;\"><strong><em>STARTAS:<\/em><\/strong> 17:00 val. B\u0117gimo namuose \u2013 K\u016bjagalvi\u0173 km., Kauno raj. (adresas google maps:\u00a0<a class=\"oajrlxb2 g5ia77u1 qu0x051f esr5mh6w e9989ue4 r7d6kgcz rq0escxv nhd2j8a9 nc684nl6 p7hjln8o kvgmc6g5 cxmmr5t8 oygrvhab hcukyx3x jb3vyjys rz4wbd8a qt6c0cv9 a8nywdso i1ao9s8h esuyzwwr f1sip0of lzcic4wl py34i1dx gpro0wi8\" style=\"color: #000000;\" tabindex=\"0\" role=\"link\" href=\"https:\/\/l.facebook.com\/l.php?u=https%3A%2F%2Fgoo.gl%2Fmaps%2FJiX17ty7qQ8uy9mH6%3Ffbclid%3DIwAR1vKbtWuwYrrquoB2Gb7cr35TvQJ8pIKHixJkFo3Gon3mW5yC4lTwS1qqY&amp;h=AT0zQIDzutQR7Hbj43-eep66NSuBLAvtgOatT7hayywEHcroO30DD-b9yT9NCiqnLLbrrE7rZ8TdYNlTrKpI1QnEVEHvulaFUQ8PAk0GRNaotp2t8JkdaMvwsO0YbL3KMxkB&amp;__tn__=q&amp;c[0]=AT2jtEG-qoe4smiT0yzyr0vXrIzklFqkc4UloQX42Ve2za_sPAplTl8zZpQ7hrhmp24ygWsrCHy6O3QeQNB7lPhUyesZqlC2-9DkurjidIMysKxMsFe5BjQM1kCWYI3obRTZKqwnTJHGBtSLqj8kCti5K8eSKXA04XybDx2RWdiG74gHZQ\" target=\"_blank\" rel=\"nofollow noopener\">https:\/\/goo.gl\/maps\/JiX17ty7qQ8uy9mH6<\/a>)<\/span><\/div>\n<div><\/div>\n<div class=\"o9v6fnle cxmmr5t8 oygrvhab hcukyx3x c1et5uql\"><em><strong><span style=\"color: #000000;\">REGISTRACIJA ir MOKES\u010cIAI:<\/span><\/strong><\/em><br \/>\n<span style=\"color: #000000;\">Registruotis galima:<\/span><br \/>\n<span style=\"color: #000000;\"><a class=\"oajrlxb2 g5ia77u1 qu0x051f esr5mh6w e9989ue4 r7d6kgcz rq0escxv nhd2j8a9 nc684nl6 p7hjln8o kvgmc6g5 cxmmr5t8 oygrvhab hcukyx3x jb3vyjys rz4wbd8a qt6c0cv9 a8nywdso i1ao9s8h esuyzwwr f1sip0of lzcic4wl py34i1dx gpro0wi8\" style=\"color: #000000;\" tabindex=\"0\" role=\"link\" href=\"https:\/\/tickets.paysera.com\/lt-LT\/event\/begimas-i-naujus-2022?fbclid=IwAR1XKnTve6fZh4pmqEqJajsO1N3TqIjGIizQ6Yl1vFiTd8_Wiigv5WWMJug\" target=\"_blank\" rel=\"nofollow noopener\">https:\/\/tickets.paysera.com\/&#8230;\/event\/begimas-i-naujus-2022<\/a><\/span><\/div>\n<div class=\"o9v6fnle cxmmr5t8 oygrvhab hcukyx3x c1et5uql\"><span style=\"color: #000000;\">Registracijos mokes\u010diai:<\/span><br \/>\n<span style=\"color: #000000;\">B\u0117gimo dalyvis &#8211; 30\u20ac<\/span><br \/>\n<span style=\"color: #000000;\">Vakar\u0117lio dalyvis be b\u0117gimo &#8211; 25\u20ac<\/span><br \/>\n<span style=\"color: #000000;\">Dalyvi\u0173 skai\u010dius limituotas!<\/span><\/div>\n<div><span style=\"color: #000000;\">Bendras virtualaus ir realaus b\u0117gimo dalyvi\u0173 skai\u010dius &#8211; 200. Pasiekus 190 dalyvi\u0173 registracij\u0105, virtualaus b\u0117gimo registracija bus stabdoma ir likusios 10 viet\u0173 paliktos realaus b\u0117gimo dalyviams.<\/span><\/div>\n<div><\/div>\n<div class=\"o9v6fnle cxmmr5t8 oygrvhab hcukyx3x c1et5uql\"><span style=\"color: #000000;\"><em><strong>DISTANCIJOS:<\/strong><\/em> 10,5 km, pusmaratonis ir maratonas<\/span><\/div>\n<div><\/div>\n<div class=\"o9v6fnle cxmmr5t8 oygrvhab hcukyx3x c1et5uql\"><span style=\"color: #000000;\"><em><strong>TRASA:<\/strong><\/em> mi\u0161ko ir lauko keliukai. Vienas ratas &#8211; 10,5km.<\/span><\/div>\n<div><\/div>\n<div class=\"o9v6fnle cxmmr5t8 oygrvhab hcukyx3x c1et5uql\"><em><strong><span style=\"color: #000000;\">APDOVANOJIMAI:<\/span><\/strong><\/em><br \/>\n<span style=\"color: #000000;\">Bus apdovanoti pirmi \u0161e\u0161i prizininkai maratono distancijoje moter\u0173 ir vyr\u0173 kategorijojose. Nugal\u0117tojams bus \u012fteikti individualios atminimo statul\u0117l\u0117s ir r\u0117m\u0117j\u0173 prizai.<\/span><br \/>\n<span style=\"color: #000000;\">Kiekvienam b\u0117gimo dalyviui &#8211; po priz\u0105, kuris bus traukiamas loterijos b\u016bdu.<\/span><br \/>\n<span style=\"color: #000000;\">Visiems dalyviams, \u012fveikusiems savo tras\u0105 &#8211; medalis!<\/span><\/div>\n<div><\/div>\n<div class=\"o9v6fnle cxmmr5t8 oygrvhab hcukyx3x c1et5uql\"><strong><span style=\"color: #000000;\">VIRTUALUS B\u0116GIMAS<\/span><\/strong><br \/>\n<span style=\"color: #000000;\">1. Virtualaus b\u0117gimo metu b\u0117gama viena i\u0161 \u0161i\u0173 distancij\u0173: 1km, 5km, 10km, 21,1km arba 42,2km.<\/span><br \/>\n<span style=\"color: #000000;\">2. Laik\u0105 b\u0117gimo dalyviai matuoja savaranki\u0161kai b\u0117gdami savo pasirinktoje saugioje trasoje, naudodami bet koki\u0105 vie\u0161ai ir laisvai prieinam\u0105 sporto program\u0117le(pvz.: Strava, Nike Run Club, Garmin ir kitos), i\u0161mani\u0173j\u0173 laikrod\u017ei\u0173 nuotraukos ir pan., svarbiausia, kad ai\u0161kiai b\u016bt\u0173 matomas \u012fveiktas atstumas ir laikas.<\/span><br \/>\n<span style=\"color: #000000;\">3. Virtuali\u0173 var\u017eyb\u0173 dalyviai savo asmenin\u012f rezultat\u0105 privalo atsi\u0173sti el.pa\u0161tu maratomanija@gmail.com.<\/span><br \/>\n<span style=\"color: #000000;\">4. Dalyvis savo pasirinkt\u0105 tras\u0105 turi \u012fveikti 2021-12-25 &#8211; 2022-01-07 (startuojant nuo katalik\u0173 Kal\u0117d\u0173 ir fini\u0161uojant iki sta\u010diatiki\u0173 Kal\u0117d\u0173). Rezultatai patvirtinami, tikslinami bei \u012ftraukiami \u012f protokol\u0105 iki 2022-01-10 dienos.<\/span><br \/>\n<span style=\"color: #000000;\">5. J\u016bs\u0173 pasiektas rezultatas bus vie\u0161ai skelbiamas oficialiame var\u017eyb\u0173 protokole ir var\u017eyb\u0173 puslapyje, skiltyje \u201eRezultatai\u201c.<\/span><br \/>\n<span style=\"color: #000000;\">6. Fini\u0161avus &#8222;B\u0117gimas \u012f naujus 2022&#8221; virtualiame b\u0117gime ir pateikus rezultat\u0105, Jums J\u016bs\u0173 nurodytu pa\u0161tu bus i\u0161si\u0173stas medalis. Dalyviai norintis gauti medal\u012f pa\u0161tu privalo kartu su rezultatu para\u0161yti savo adres\u0105 \u012f el.pa\u0161t\u0105: maratomanija@gmail.com Dalyvio medaliai bus atsi\u0173sti iki 2022m. sausio 20 d.<\/span><br \/>\n<span style=\"color: #000000;\">7. Virtualaus b\u0117gimo kaina iki 20 dalyvio &#8211; 12\u20ac, 21-as dalyvis ir daugiau &#8211; 15\u20ac<\/span><\/div>\n<div><span style=\"color: #000000;\">8. Bendras virtualaus ir realaus b\u0117gimo dalyvi\u0173 skai\u010dius &#8211; 200. Pasiekus 190 dalyvi\u0173 registracij\u0105, virtualaus b\u0117gimo registracija bus stabdoma ir likusios 10 viet\u0173 paliktos realaus b\u0117gimo dalyviams.<\/span><\/div>\n<div><\/div>\n<div class=\"o9v6fnle cxmmr5t8 oygrvhab hcukyx3x c1et5uql\"><strong><span style=\"color: #000000;\">ORGANIZATORIAI<\/span><\/strong><br \/>\n<span style=\"color: #000000;\">&#8222;B\u0117gimas \u012f Naujus 2022&#8221; organizuoja V\u0161\u012e Maratomanija, B\u0117gimo namai, Valdas \u0160mai\u017eys ir Ernestas Vedeikis<\/span><\/div>\n","protected":false},"excerpt":{"rendered":"<p>Sutik Naujuosius kitaip &#8211; b\u0117gimo ritmas ir draug\u0173 b\u016brys, tai renginys, kuris ilgam liks atminty\u00a0 B\u0117gimas, maratonas, pirtis, kubilas, vai\u0161\u0117s, ferjerverkai, linksmyb\u0117s, sportas, b\u0117gimo rezultatai &#8230; ar gali visa tai b\u016bti suderinta \u012f vien\u0105 visum\u0105? Mes manome, kad TAIP! Ir, kad patys tuo \u012fsitikintum\u0117te, mes kvie\u010diame visus sutikti Naujus metus b\u0117gimo ritmu &#8211; Maratonas, pusmaratonis [&hellip;]<\/p>\n","protected":false},"author":1,"featured_media":0,"parent":190,"menu_order":0,"comment_status":"closed","ping_status":"closed","template":"templates\/full-width-page.php","meta":{"footnotes":""},"class_list":["post-20","page","type-page","status-publish","hentry"],"_links":{"self":[{"href":"https:\/\/www.myrace.lt\/naujimetai\/wp-json\/wp\/v2\/pages\/20","targetHints":{"allow":["GET"]}}],"collection":[{"href":"https:\/\/www.myrace.lt\/naujimetai\/wp-json\/wp\/v2\/pages"}],"about":[{"href":"https:\/\/www.myrace.lt\/naujimetai\/wp-json\/wp\/v2\/types\/page"}],"author":[{"embeddable":true,"href":"https:\/\/www.myrace.lt\/naujimetai\/wp-json\/wp\/v2\/users\/1"}],"replies":[{"embeddable":true,"href":"https:\/\/www.myrace.lt\/naujimetai\/wp-json\/wp\/v2\/comments?post=20"}],"version-history":[{"count":8,"href":"https:\/\/www.myrace.lt\/naujimetai\/wp-json\/wp\/v2\/pages\/20\/revisions"}],"predecessor-version":[{"id":254,"href":"https:\/\/www.myrace.lt\/naujimetai\/wp-json\/wp\/v2\/pages\/20\/revisions\/254"}],"up":[{"embeddable":true,"href":"https:\/\/www.myrace.lt\/naujimetai\/wp-json\/wp\/v2\/pages\/190"}],"wp:attachment":[{"href":"https:\/\/www.myrace.lt\/naujimetai\/wp-json\/wp\/v2\/media?parent=20"}],"curies":[{"name":"wp","href":"https:\/\/api.w.org\/{rel}","templated":true}]}}