{"id":588,"date":"2024-07-08T15:23:51","date_gmt":"2024-07-08T12:23:51","guid":{"rendered":"https:\/\/www.myrace.lt\/maratonadienis\/?page_id=588"},"modified":"2025-07-02T18:57:47","modified_gmt":"2025-07-02T15:57:47","slug":"darbenai","status":"publish","type":"page","link":"https:\/\/www.myrace.lt\/maratonadienis\/trasa-12\/darbenai\/","title":{"rendered":"Trasa &#8211; Darb\u0117nai"},"content":{"rendered":"<p style=\"text-align: center;\"><span style=\"color: #000000;\"><strong><span style=\"font-size: 28px;\">TRASA &#8211; Maratonadienis #11<\/span><\/strong><\/span><\/p>\n<p style=\"text-align: center;\"><span style=\"font-size: 20px; color: #000000;\">Rato ilgis &#8211; 5,3 km<\/span><\/p>\n<p style=\"text-align: center;\"><span style=\"font-size: 20px; color: #000000;\">Danga &#8211; \u017evyrkelis.<\/span><\/p>\n<p style=\"text-align: center;\"><span style=\"font-size: 20px; color: #000000;\">Starto\/fini\u0161o vieta &#8211; Balt\u0173 Mitologijos parko ma\u0161in\u0173 stov\u0117jimo aik\u0161tel\u0117.<\/span><\/p>\n<p>&nbsp;<\/p>\n<p><img loading=\"lazy\" decoding=\"async\" class=\"aligncenter wp-image-589 size-full\" src=\"https:\/\/www.myrace.lt\/maratonadienis\/wp-content\/uploads\/sites\/17\/2024\/07\/japonu-sodas.jpg\" alt=\"\" width=\"1491\" height=\"742\" srcset=\"https:\/\/www.myrace.lt\/maratonadienis\/wp-content\/uploads\/sites\/17\/2024\/07\/japonu-sodas.jpg 1491w, https:\/\/www.myrace.lt\/maratonadienis\/wp-content\/uploads\/sites\/17\/2024\/07\/japonu-sodas-300x149.jpg 300w, https:\/\/www.myrace.lt\/maratonadienis\/wp-content\/uploads\/sites\/17\/2024\/07\/japonu-sodas-1024x510.jpg 1024w, https:\/\/www.myrace.lt\/maratonadienis\/wp-content\/uploads\/sites\/17\/2024\/07\/japonu-sodas-768x382.jpg 768w\" sizes=\"auto, (max-width: 1491px) 100vw, 1491px\" \/><\/p>\n","protected":false},"excerpt":{"rendered":"<p>TRASA &#8211; Maratonadienis #11 Rato ilgis &#8211; 5,3 km Danga &#8211; \u017evyrkelis. Starto\/fini\u0161o vieta &#8211; Balt\u0173 Mitologijos parko ma\u0161in\u0173 stov\u0117jimo aik\u0161tel\u0117. &nbsp;<\/p>\n","protected":false},"author":2,"featured_media":0,"parent":627,"menu_order":0,"comment_status":"closed","ping_status":"closed","template":"","meta":{"footnotes":""},"class_list":["post-588","page","type-page","status-publish","hentry"],"_links":{"self":[{"href":"https:\/\/www.myrace.lt\/maratonadienis\/wp-json\/wp\/v2\/pages\/588","targetHints":{"allow":["GET"]}}],"collection":[{"href":"https:\/\/www.myrace.lt\/maratonadienis\/wp-json\/wp\/v2\/pages"}],"about":[{"href":"https:\/\/www.myrace.lt\/maratonadienis\/wp-json\/wp\/v2\/types\/page"}],"author":[{"embeddable":true,"href":"https:\/\/www.myrace.lt\/maratonadienis\/wp-json\/wp\/v2\/users\/2"}],"replies":[{"embeddable":true,"href":"https:\/\/www.myrace.lt\/maratonadienis\/wp-json\/wp\/v2\/comments?post=588"}],"version-history":[{"count":5,"href":"https:\/\/www.myrace.lt\/maratonadienis\/wp-json\/wp\/v2\/pages\/588\/revisions"}],"predecessor-version":[{"id":1174,"href":"https:\/\/www.myrace.lt\/maratonadienis\/wp-json\/wp\/v2\/pages\/588\/revisions\/1174"}],"up":[{"embeddable":true,"href":"https:\/\/www.myrace.lt\/maratonadienis\/wp-json\/wp\/v2\/pages\/627"}],"wp:attachment":[{"href":"https:\/\/www.myrace.lt\/maratonadienis\/wp-json\/wp\/v2\/media?parent=588"}],"curies":[{"name":"wp","href":"https:\/\/api.w.org\/{rel}","templated":true}]}}