{"id":401,"date":"2023-07-11T18:01:29","date_gmt":"2023-07-11T15:01:29","guid":{"rendered":"https:\/\/www.myrace.lt\/maratonadienis\/?page_id=401"},"modified":"2025-09-01T10:17:47","modified_gmt":"2025-09-01T07:17:47","slug":"karaliskiai","status":"publish","type":"page","link":"https:\/\/www.myrace.lt\/maratonadienis\/trasa-12\/karaliskiai\/","title":{"rendered":"Trasa &#8211; Karali\u0161kiai 5,3 km"},"content":{"rendered":"<p style=\"text-align: center;\"><span style=\"font-size: 28px;\"><strong>TRASA<\/strong><\/span><\/p>\n<p><img loading=\"lazy\" decoding=\"async\" class=\"alignnone size-full wp-image-415 aligncenter\" src=\"https:\/\/www.myrace.lt\/maratonadienis\/wp-content\/uploads\/sites\/17\/2023\/07\/5.3km-naktinis-1024x617-1.jpg\" alt=\"\" width=\"1024\" height=\"617\" srcset=\"https:\/\/www.myrace.lt\/maratonadienis\/wp-content\/uploads\/sites\/17\/2023\/07\/5.3km-naktinis-1024x617-1.jpg 1024w, https:\/\/www.myrace.lt\/maratonadienis\/wp-content\/uploads\/sites\/17\/2023\/07\/5.3km-naktinis-1024x617-1-300x181.jpg 300w, https:\/\/www.myrace.lt\/maratonadienis\/wp-content\/uploads\/sites\/17\/2023\/07\/5.3km-naktinis-1024x617-1-768x463.jpg 768w\" sizes=\"auto, (max-width: 1024px) 100vw, 1024px\" \/><\/p>\n<p style=\"text-align: center;\"><span style=\"font-size: 20px;\">Tras\u0173 GPX \u017eem\u0117lapiai:<\/span><\/p>\n<p style=\"text-align: center;\"><a href=\"https:\/\/drive.google.com\/drive\/folders\/1N1WOPuqIDgT6imLse6Swi_oqV_sQXWUB?usp=sharing\"><span style=\"font-size: 20px;\">https:\/\/drive.google.com\/drive\/folders\/1N1WOPuqIDgT6imLse6Swi_oqV_sQXWUB?usp=sharing<\/span><\/a><\/p>\n","protected":false},"excerpt":{"rendered":"<p>TRASA Tras\u0173 GPX \u017eem\u0117lapiai: https:\/\/drive.google.com\/drive\/folders\/1N1WOPuqIDgT6imLse6Swi_oqV_sQXWUB?usp=sharing<\/p>\n","protected":false},"author":2,"featured_media":0,"parent":627,"menu_order":0,"comment_status":"closed","ping_status":"closed","template":"","meta":{"footnotes":""},"class_list":["post-401","page","type-page","status-publish","hentry"],"_links":{"self":[{"href":"https:\/\/www.myrace.lt\/maratonadienis\/wp-json\/wp\/v2\/pages\/401","targetHints":{"allow":["GET"]}}],"collection":[{"href":"https:\/\/www.myrace.lt\/maratonadienis\/wp-json\/wp\/v2\/pages"}],"about":[{"href":"https:\/\/www.myrace.lt\/maratonadienis\/wp-json\/wp\/v2\/types\/page"}],"author":[{"embeddable":true,"href":"https:\/\/www.myrace.lt\/maratonadienis\/wp-json\/wp\/v2\/users\/2"}],"replies":[{"embeddable":true,"href":"https:\/\/www.myrace.lt\/maratonadienis\/wp-json\/wp\/v2\/comments?post=401"}],"version-history":[{"count":8,"href":"https:\/\/www.myrace.lt\/maratonadienis\/wp-json\/wp\/v2\/pages\/401\/revisions"}],"predecessor-version":[{"id":1324,"href":"https:\/\/www.myrace.lt\/maratonadienis\/wp-json\/wp\/v2\/pages\/401\/revisions\/1324"}],"up":[{"embeddable":true,"href":"https:\/\/www.myrace.lt\/maratonadienis\/wp-json\/wp\/v2\/pages\/627"}],"wp:attachment":[{"href":"https:\/\/www.myrace.lt\/maratonadienis\/wp-json\/wp\/v2\/media?parent=401"}],"curies":[{"name":"wp","href":"https:\/\/api.w.org\/{rel}","templated":true}]}}