{"id":300,"date":"2023-06-15T00:01:07","date_gmt":"2023-06-14T21:01:07","guid":{"rendered":"https:\/\/www.myrace.lt\/maratonadienis\/?page_id=300"},"modified":"2024-07-08T18:13:04","modified_gmt":"2024-07-08T15:13:04","slug":"medaliai-piramide","status":"publish","type":"page","link":"https:\/\/www.myrace.lt\/maratonadienis\/medaliai-piramide\/","title":{"rendered":"MEDALIAI &#8211; PIRAMID\u0116"},"content":{"rendered":"<p style=\"text-align: center;\"><span style=\"font-size: 28px; color: #000000;\"><strong>B\u0116GIMO MEDALIAI<\/strong><\/span><\/p>\n<p style=\"text-align: center;\"><span style=\"font-family: georgia, palatino, serif; color: #000000; font-size: 20px;\">\u0160e\u0161i\u0173 Maratonadienio b\u0117gimo rengini\u0173 medaliai sudarys vien\u0105 visum\u0105. Kiekvienas medalis yra savoti\u0161kai unikalus ir tuo pa\u010diu bus visos visumos dalel\u0117.<\/span><\/p>\n<p style=\"text-align: center;\"><span style=\"font-family: georgia, palatino, serif; color: #000000; font-size: 20px;\">Medaliai atspindi 5 Gamtos stichijas: Oras, Vanduo, \u017dem\u0117, Ugnis, Eteris. Vienas medalis atspindi vien\u0105 stichij\u0105. O sujungus visus 5 medalius \u012f vien\u0105 visum\u0105 gaunamas j\u0117gos simbolis &#8211; PIRAMID\u0116.<\/span><\/p>\n<p style=\"text-align: center;\"><span style=\"font-family: georgia, palatino, serif; color: #000000; font-size: 20px;\">O \u0161e\u0161tajame b\u0117gime vietoj medalio j\u016bs gausite krik\u0161tolin\u012f pad\u0105, ant kurio pasta\u010dius i\u0161 medali\u0173 surinkt\u0105 piramid\u0119, j\u016bs gausite net 17cm auk\u0161\u010dio bendr\u0105 PIRAMID\u0118.<\/span><\/p>\n<p style=\"text-align: center;\"><span style=\"font-family: georgia, palatino, serif; color: #000000; font-size: 20px;\">Medaliai \u012f piramid\u0119 jungsis magnetais, kuri\u0173 ant kievieno medalio bus net po 6. <\/span><\/p>\n<p style=\"text-align: center;\"><span style=\"font-family: georgia, palatino, serif; color: #000000; font-size: 20px;\">Kiekvienas medalis tur\u0117s savo motyvacin\u012f \u0161\u016bk\u012f, kuris taip pat bus atvaizduotas ir ant medalio juostel\u0117s.<\/span><\/p>\n<p>&nbsp;<\/p>\n<p style=\"text-align: center;\"><span style=\"font-size: 24px; color: #000000;\"><strong>MEDALI\u0172 JUOSTEL\u0116S:<\/strong><\/span><\/p>\n<p style=\"text-align: center;\"><span style=\"color: #000000;\"><img loading=\"lazy\" decoding=\"async\" class=\"alignnone size-full wp-image-310\" src=\"https:\/\/www.myrace.lt\/maratonadienis\/wp-content\/uploads\/sites\/17\/2023\/06\/maratonadienis.-last-change.png\" alt=\"\" width=\"6001\" height=\"1723\" srcset=\"https:\/\/www.myrace.lt\/maratonadienis\/wp-content\/uploads\/sites\/17\/2023\/06\/maratonadienis.-last-change.png 6001w, https:\/\/www.myrace.lt\/maratonadienis\/wp-content\/uploads\/sites\/17\/2023\/06\/maratonadienis.-last-change-300x86.png 300w, https:\/\/www.myrace.lt\/maratonadienis\/wp-content\/uploads\/sites\/17\/2023\/06\/maratonadienis.-last-change-1024x294.png 1024w, https:\/\/www.myrace.lt\/maratonadienis\/wp-content\/uploads\/sites\/17\/2023\/06\/maratonadienis.-last-change-768x221.png 768w, https:\/\/www.myrace.lt\/maratonadienis\/wp-content\/uploads\/sites\/17\/2023\/06\/maratonadienis.-last-change-1536x441.png 1536w, https:\/\/www.myrace.lt\/maratonadienis\/wp-content\/uploads\/sites\/17\/2023\/06\/maratonadienis.-last-change-2048x588.png 2048w\" sizes=\"auto, (max-width: 6001px) 100vw, 6001px\" \/><\/span><\/p>\n<p style=\"text-align: center;\"><span style=\"color: #000000; font-size: 20px;\">Pirmojo medalio simbolis &#8211;<strong> ORAS.<\/strong><\/span><\/p>\n<p style=\"text-align: center;\"><span style=\"color: #000000; font-size: 20px;\">O ant medalio puikuojasi u\u017era\u0161as: <strong><em>&#8222;IF YOU WANT TO WIN SOMETHING, RUN 100M. IF YOU WANT TO EXPERIENCE SOMETHING, RUN A MARATHON!&#8221;<\/em><\/strong><\/span><\/p>\n<p style=\"text-align: center;\"><span style=\"color: #000000;\"><img loading=\"lazy\" decoding=\"async\" class=\"alignnone wp-image-302 size-full\" src=\"https:\/\/www.myrace.lt\/maratonadienis\/wp-content\/uploads\/sites\/17\/2023\/06\/IMG_20230611_094354-scaled.jpg\" alt=\"\" width=\"2029\" height=\"2560\" srcset=\"https:\/\/www.myrace.lt\/maratonadienis\/wp-content\/uploads\/sites\/17\/2023\/06\/IMG_20230611_094354-scaled.jpg 2029w, https:\/\/www.myrace.lt\/maratonadienis\/wp-content\/uploads\/sites\/17\/2023\/06\/IMG_20230611_094354-238x300.jpg 238w, https:\/\/www.myrace.lt\/maratonadienis\/wp-content\/uploads\/sites\/17\/2023\/06\/IMG_20230611_094354-812x1024.jpg 812w, https:\/\/www.myrace.lt\/maratonadienis\/wp-content\/uploads\/sites\/17\/2023\/06\/IMG_20230611_094354-768x969.jpg 768w, https:\/\/www.myrace.lt\/maratonadienis\/wp-content\/uploads\/sites\/17\/2023\/06\/IMG_20230611_094354-1218x1536.jpg 1218w, https:\/\/www.myrace.lt\/maratonadienis\/wp-content\/uploads\/sites\/17\/2023\/06\/IMG_20230611_094354-1623x2048.jpg 1623w\" sizes=\"auto, (max-width: 2029px) 100vw, 2029px\" \/><\/span><\/p>\n<p style=\"text-align: center;\"><span style=\"color: #000000; font-size: 20px;\">Antrojo medalio simbolis &#8211; <strong>\u017dEM\u0116.<\/strong><\/span><\/p>\n<p style=\"text-align: center;\"><span style=\"color: #000000; font-size: 20px;\">O ant medalio puikuojasi u\u017era\u0161as: <strong><em>&#8222;NEVER GIVE UP ON YOUR DREAMS!&#8221;<\/em><\/strong><\/span><\/p>\n<p><img loading=\"lazy\" decoding=\"async\" class=\"alignnone size-full wp-image-304\" src=\"https:\/\/www.myrace.lt\/maratonadienis\/wp-content\/uploads\/sites\/17\/2023\/06\/IMG_20230611_094245-scaled.jpg\" alt=\"\" width=\"1963\" height=\"2560\" srcset=\"https:\/\/www.myrace.lt\/maratonadienis\/wp-content\/uploads\/sites\/17\/2023\/06\/IMG_20230611_094245-scaled.jpg 1963w, https:\/\/www.myrace.lt\/maratonadienis\/wp-content\/uploads\/sites\/17\/2023\/06\/IMG_20230611_094245-230x300.jpg 230w, https:\/\/www.myrace.lt\/maratonadienis\/wp-content\/uploads\/sites\/17\/2023\/06\/IMG_20230611_094245-785x1024.jpg 785w, https:\/\/www.myrace.lt\/maratonadienis\/wp-content\/uploads\/sites\/17\/2023\/06\/IMG_20230611_094245-768x1002.jpg 768w, https:\/\/www.myrace.lt\/maratonadienis\/wp-content\/uploads\/sites\/17\/2023\/06\/IMG_20230611_094245-1178x1536.jpg 1178w, https:\/\/www.myrace.lt\/maratonadienis\/wp-content\/uploads\/sites\/17\/2023\/06\/IMG_20230611_094245-1570x2048.jpg 1570w\" sizes=\"auto, (max-width: 1963px) 100vw, 1963px\" \/><\/p>\n<p style=\"text-align: center;\"><span style=\"color: #000000; font-size: 20px;\">Tre\u010diojo medalio simbolis &#8211; <strong>VANDUO.<\/strong><\/span><\/p>\n<p style=\"text-align: center;\"><span style=\"color: #000000; font-size: 20px;\">O ant medalio puikuojasi u\u017era\u0161as: <strong><em>&#8222;DON&#8217;T WAIT THINGS TO HAPPEN, MAKE THEM HAPPEN!&#8221;<\/em><\/strong><\/span><\/p>\n<p style=\"text-align: center;\"><span style=\"color: #000000;\"><img loading=\"lazy\" decoding=\"async\" class=\"alignnone size-full wp-image-305\" src=\"https:\/\/www.myrace.lt\/maratonadienis\/wp-content\/uploads\/sites\/17\/2023\/06\/IMG_20230611_094150-scaled.jpg\" alt=\"\" width=\"1893\" height=\"2560\" srcset=\"https:\/\/www.myrace.lt\/maratonadienis\/wp-content\/uploads\/sites\/17\/2023\/06\/IMG_20230611_094150-scaled.jpg 1893w, https:\/\/www.myrace.lt\/maratonadienis\/wp-content\/uploads\/sites\/17\/2023\/06\/IMG_20230611_094150-222x300.jpg 222w, https:\/\/www.myrace.lt\/maratonadienis\/wp-content\/uploads\/sites\/17\/2023\/06\/IMG_20230611_094150-757x1024.jpg 757w, https:\/\/www.myrace.lt\/maratonadienis\/wp-content\/uploads\/sites\/17\/2023\/06\/IMG_20230611_094150-768x1039.jpg 768w, https:\/\/www.myrace.lt\/maratonadienis\/wp-content\/uploads\/sites\/17\/2023\/06\/IMG_20230611_094150-1136x1536.jpg 1136w, https:\/\/www.myrace.lt\/maratonadienis\/wp-content\/uploads\/sites\/17\/2023\/06\/IMG_20230611_094150-1514x2048.jpg 1514w\" sizes=\"auto, (max-width: 1893px) 100vw, 1893px\" \/><\/span><\/p>\n<p style=\"text-align: center;\"><span style=\"color: #000000; font-size: 20px;\">Ketvirtojo medalio simbolis &#8211; <strong>UGNIS.<\/strong><\/span><\/p>\n<p style=\"text-align: center;\"><span style=\"color: #000000; font-size: 20px;\">O ant medalio puikuojasi u\u017era\u0161as: <strong><em>&#8222;PAIN IS TEMPORARY. GLORY IS FOREVER!&#8221;<\/em><\/strong><\/span><span style=\"color: #000000;\"><img loading=\"lazy\" decoding=\"async\" class=\"alignnone size-full wp-image-303\" src=\"https:\/\/www.myrace.lt\/maratonadienis\/wp-content\/uploads\/sites\/17\/2023\/06\/IMG_20230611_094315-scaled.jpg\" alt=\"\" width=\"2004\" height=\"2560\" srcset=\"https:\/\/www.myrace.lt\/maratonadienis\/wp-content\/uploads\/sites\/17\/2023\/06\/IMG_20230611_094315-scaled.jpg 2004w, https:\/\/www.myrace.lt\/maratonadienis\/wp-content\/uploads\/sites\/17\/2023\/06\/IMG_20230611_094315-235x300.jpg 235w, https:\/\/www.myrace.lt\/maratonadienis\/wp-content\/uploads\/sites\/17\/2023\/06\/IMG_20230611_094315-802x1024.jpg 802w, https:\/\/www.myrace.lt\/maratonadienis\/wp-content\/uploads\/sites\/17\/2023\/06\/IMG_20230611_094315-768x981.jpg 768w, https:\/\/www.myrace.lt\/maratonadienis\/wp-content\/uploads\/sites\/17\/2023\/06\/IMG_20230611_094315-1202x1536.jpg 1202w, https:\/\/www.myrace.lt\/maratonadienis\/wp-content\/uploads\/sites\/17\/2023\/06\/IMG_20230611_094315-1603x2048.jpg 1603w\" sizes=\"auto, (max-width: 2004px) 100vw, 2004px\" \/><\/span><\/p>\n<p style=\"text-align: center;\"><span style=\"color: #000000; font-size: 20px;\">Penktojo medalio simbolis &#8211; <strong>ETERIS.<\/strong><\/span><\/p>\n<p style=\"text-align: center;\"><span style=\"font-size: 20px;\"><span style=\"color: #000000;\">O ant medalio puikuojasi u\u017era\u0161as:\u00a0<\/span><span style=\"color: #000000;\"><strong><em>&#8222;THE JOURNEY OF A THOUSAND MILES BEGINS WITH ONE STEP!&#8221;<\/em><\/strong><\/span><\/span><\/p>\n<p><span style=\"color: #000000;\"><img loading=\"lazy\" decoding=\"async\" class=\"alignnone size-full wp-image-301\" src=\"https:\/\/www.myrace.lt\/maratonadienis\/wp-content\/uploads\/sites\/17\/2023\/06\/IMG_20230611_094443-scaled.jpg\" alt=\"\" width=\"2055\" height=\"2560\" srcset=\"https:\/\/www.myrace.lt\/maratonadienis\/wp-content\/uploads\/sites\/17\/2023\/06\/IMG_20230611_094443-scaled.jpg 2055w, https:\/\/www.myrace.lt\/maratonadienis\/wp-content\/uploads\/sites\/17\/2023\/06\/IMG_20230611_094443-241x300.jpg 241w, https:\/\/www.myrace.lt\/maratonadienis\/wp-content\/uploads\/sites\/17\/2023\/06\/IMG_20230611_094443-822x1024.jpg 822w, https:\/\/www.myrace.lt\/maratonadienis\/wp-content\/uploads\/sites\/17\/2023\/06\/IMG_20230611_094443-768x957.jpg 768w, https:\/\/www.myrace.lt\/maratonadienis\/wp-content\/uploads\/sites\/17\/2023\/06\/IMG_20230611_094443-1233x1536.jpg 1233w, https:\/\/www.myrace.lt\/maratonadienis\/wp-content\/uploads\/sites\/17\/2023\/06\/IMG_20230611_094443-1644x2048.jpg 1644w\" sizes=\"auto, (max-width: 2055px) 100vw, 2055px\" \/><\/span><\/p>\n<p style=\"text-align: center;\"><span style=\"color: #000000; font-size: 20px;\">\u0160e\u0161tojo b\u0117gimo dalyviai gaus kri\u0161tolin\u0119 nupjaut\u0105 piramid\u0119 &#8211; pad\u0105 (paauk\u0161tinim\u0105 piramidei, surinktai i\u0161\u00a0 vis\u0173 penki\u0173 medali\u0173)<\/span><\/p>\n<p style=\"text-align: center;\"><span style=\"color: #000000; font-size: 20px;\">O ant jo priekio puikuojasi u\u017era\u0161as: <strong><em>&#8222;MARATONADIENIO TITANAS&#8221;<\/em><\/strong><\/span><\/p>\n<p><span style=\"color: #000000;\"><img loading=\"lazy\" decoding=\"async\" class=\"alignnone size-full wp-image-307\" src=\"https:\/\/www.myrace.lt\/maratonadienis\/wp-content\/uploads\/sites\/17\/2023\/06\/Crystal-base-3.jpg\" alt=\"\" width=\"2248\" height=\"1961\" srcset=\"https:\/\/www.myrace.lt\/maratonadienis\/wp-content\/uploads\/sites\/17\/2023\/06\/Crystal-base-3.jpg 2248w, https:\/\/www.myrace.lt\/maratonadienis\/wp-content\/uploads\/sites\/17\/2023\/06\/Crystal-base-3-300x262.jpg 300w, https:\/\/www.myrace.lt\/maratonadienis\/wp-content\/uploads\/sites\/17\/2023\/06\/Crystal-base-3-1024x893.jpg 1024w, https:\/\/www.myrace.lt\/maratonadienis\/wp-content\/uploads\/sites\/17\/2023\/06\/Crystal-base-3-768x670.jpg 768w, https:\/\/www.myrace.lt\/maratonadienis\/wp-content\/uploads\/sites\/17\/2023\/06\/Crystal-base-3-1536x1340.jpg 1536w, https:\/\/www.myrace.lt\/maratonadienis\/wp-content\/uploads\/sites\/17\/2023\/06\/Crystal-base-3-2048x1787.jpg 2048w\" sizes=\"auto, (max-width: 2248px) 100vw, 2248px\" \/><\/span><\/p>\n<p style=\"text-align: center;\"><span style=\"color: #000000; font-size: 20px;\">De\u0161in\u0117je pus\u0117je\u00a0 puikuojasi u\u017era\u0161as:<\/span><\/p>\n<p style=\"text-align: center;\"><span style=\"color: #000000; font-size: 20px;\"><strong><em>&#8222;<\/em><\/strong><em><strong>It doesn\u2019t matter how many times you get knocked down. All that matters is you get up one more time than you were knocked down.\u201d<\/strong><\/em>\u2015\u00a0<b>Roy T. Bennett<\/b><\/span><\/p>\n<p><span style=\"color: #000000; font-size: 20px;\"><img loading=\"lazy\" decoding=\"async\" class=\"alignnone size-full wp-image-308\" src=\"https:\/\/www.myrace.lt\/maratonadienis\/wp-content\/uploads\/sites\/17\/2023\/06\/Crystal-base-1.jpg\" alt=\"\" width=\"2248\" height=\"2285\" srcset=\"https:\/\/www.myrace.lt\/maratonadienis\/wp-content\/uploads\/sites\/17\/2023\/06\/Crystal-base-1.jpg 2248w, https:\/\/www.myrace.lt\/maratonadienis\/wp-content\/uploads\/sites\/17\/2023\/06\/Crystal-base-1-295x300.jpg 295w, https:\/\/www.myrace.lt\/maratonadienis\/wp-content\/uploads\/sites\/17\/2023\/06\/Crystal-base-1-1007x1024.jpg 1007w, https:\/\/www.myrace.lt\/maratonadienis\/wp-content\/uploads\/sites\/17\/2023\/06\/Crystal-base-1-768x781.jpg 768w, https:\/\/www.myrace.lt\/maratonadienis\/wp-content\/uploads\/sites\/17\/2023\/06\/Crystal-base-1-1511x1536.jpg 1511w, https:\/\/www.myrace.lt\/maratonadienis\/wp-content\/uploads\/sites\/17\/2023\/06\/Crystal-base-1-2015x2048.jpg 2015w\" sizes=\"auto, (max-width: 2248px) 100vw, 2248px\" \/><\/span><\/p>\n<p style=\"text-align: center;\"><span style=\"color: #000000; font-size: 20px;\">Kair\u0117je pus\u0117je puikuojasi u\u017era\u0161as: <strong><em>&#8222;<\/em><\/strong><\/span><\/p>\n<p style=\"text-align: center;\"><span style=\"color: #000000; font-size: 20px;\"><strong><em>&#8222;Don&#8217;t fear failure. \u2014 Not failure, but low aim, is the crime. In great attempts it is glorious even to fail.\u201d\u2015 Bruce Lee&#8221;<\/em><\/strong><\/span><\/p>\n<p><span style=\"color: #000000;\">\u00a0 <img loading=\"lazy\" decoding=\"async\" class=\"alignnone size-full wp-image-306\" src=\"https:\/\/www.myrace.lt\/maratonadienis\/wp-content\/uploads\/sites\/17\/2023\/06\/Crystal-base-4.jpg\" alt=\"\" width=\"2248\" height=\"1769\" srcset=\"https:\/\/www.myrace.lt\/maratonadienis\/wp-content\/uploads\/sites\/17\/2023\/06\/Crystal-base-4.jpg 2248w, https:\/\/www.myrace.lt\/maratonadienis\/wp-content\/uploads\/sites\/17\/2023\/06\/Crystal-base-4-300x236.jpg 300w, https:\/\/www.myrace.lt\/maratonadienis\/wp-content\/uploads\/sites\/17\/2023\/06\/Crystal-base-4-1024x806.jpg 1024w, https:\/\/www.myrace.lt\/maratonadienis\/wp-content\/uploads\/sites\/17\/2023\/06\/Crystal-base-4-768x604.jpg 768w, https:\/\/www.myrace.lt\/maratonadienis\/wp-content\/uploads\/sites\/17\/2023\/06\/Crystal-base-4-1536x1209.jpg 1536w, https:\/\/www.myrace.lt\/maratonadienis\/wp-content\/uploads\/sites\/17\/2023\/06\/Crystal-base-4-2048x1612.jpg 2048w\" sizes=\"auto, (max-width: 2248px) 100vw, 2248px\" \/><\/span><\/p>\n<p style=\"font-weight: 400; text-align: center;\"><span style=\"color: #000000; font-size: 20px;\"><strong>&#8222;Eterio&#8221; medalis kartu su kri\u0161toliniu padu:<\/strong><\/span><\/p>\n<p style=\"text-align: center;\"><span style=\"color: #000000; font-size: 20px;\"><img loading=\"lazy\" decoding=\"async\" class=\"alignnone size-full wp-image-312\" src=\"https:\/\/www.myrace.lt\/maratonadienis\/wp-content\/uploads\/sites\/17\/2023\/06\/IMG_20230611_094645.jpg\" alt=\"\" width=\"2248\" height=\"2212\" srcset=\"https:\/\/www.myrace.lt\/maratonadienis\/wp-content\/uploads\/sites\/17\/2023\/06\/IMG_20230611_094645.jpg 2248w, https:\/\/www.myrace.lt\/maratonadienis\/wp-content\/uploads\/sites\/17\/2023\/06\/IMG_20230611_094645-300x295.jpg 300w, https:\/\/www.myrace.lt\/maratonadienis\/wp-content\/uploads\/sites\/17\/2023\/06\/IMG_20230611_094645-1024x1008.jpg 1024w, https:\/\/www.myrace.lt\/maratonadienis\/wp-content\/uploads\/sites\/17\/2023\/06\/IMG_20230611_094645-768x756.jpg 768w, https:\/\/www.myrace.lt\/maratonadienis\/wp-content\/uploads\/sites\/17\/2023\/06\/IMG_20230611_094645-1536x1511.jpg 1536w, https:\/\/www.myrace.lt\/maratonadienis\/wp-content\/uploads\/sites\/17\/2023\/06\/IMG_20230611_094645-2048x2015.jpg 2048w\" sizes=\"auto, (max-width: 2248px) 100vw, 2248px\" \/><\/span><\/p>\n<p style=\"text-align: center;\"><span style=\"color: #000000; font-size: 20px;\"><strong>Medali\u0173 piramid\u0117:<\/strong><\/span><\/p>\n<p><img loading=\"lazy\" decoding=\"async\" class=\"alignnone size-full wp-image-313\" src=\"https:\/\/www.myrace.lt\/maratonadienis\/wp-content\/uploads\/sites\/17\/2023\/06\/IMG_20230611_095110-scaled.jpg\" alt=\"\" width=\"1962\" height=\"2560\" srcset=\"https:\/\/www.myrace.lt\/maratonadienis\/wp-content\/uploads\/sites\/17\/2023\/06\/IMG_20230611_095110-scaled.jpg 1962w, https:\/\/www.myrace.lt\/maratonadienis\/wp-content\/uploads\/sites\/17\/2023\/06\/IMG_20230611_095110-230x300.jpg 230w, https:\/\/www.myrace.lt\/maratonadienis\/wp-content\/uploads\/sites\/17\/2023\/06\/IMG_20230611_095110-785x1024.jpg 785w, https:\/\/www.myrace.lt\/maratonadienis\/wp-content\/uploads\/sites\/17\/2023\/06\/IMG_20230611_095110-768x1002.jpg 768w, https:\/\/www.myrace.lt\/maratonadienis\/wp-content\/uploads\/sites\/17\/2023\/06\/IMG_20230611_095110-1177x1536.jpg 1177w, https:\/\/www.myrace.lt\/maratonadienis\/wp-content\/uploads\/sites\/17\/2023\/06\/IMG_20230611_095110-1570x2048.jpg 1570w\" sizes=\"auto, (max-width: 1962px) 100vw, 1962px\" \/><\/p>\n<p>&nbsp;<\/p>\n<p><img loading=\"lazy\" decoding=\"async\" class=\"alignnone wp-image-350\" src=\"https:\/\/www.myrace.lt\/maratonadienis\/wp-content\/uploads\/sites\/17\/2023\/07\/230703220852753-1.png\" alt=\"\" width=\"600\" height=\"713\" srcset=\"https:\/\/www.myrace.lt\/maratonadienis\/wp-content\/uploads\/sites\/17\/2023\/07\/230703220852753-1.png 309w, https:\/\/www.myrace.lt\/maratonadienis\/wp-content\/uploads\/sites\/17\/2023\/07\/230703220852753-1-253x300.png 253w\" sizes=\"auto, (max-width: 600px) 100vw, 600px\" \/><\/p>\n<p><img loading=\"lazy\" decoding=\"async\" class=\"alignnone size-full wp-image-347\" src=\"https:\/\/www.myrace.lt\/maratonadienis\/wp-content\/uploads\/sites\/17\/2023\/07\/Untitled-design-3.jpg\" alt=\"\" width=\"1080\" height=\"1080\" srcset=\"https:\/\/www.myrace.lt\/maratonadienis\/wp-content\/uploads\/sites\/17\/2023\/07\/Untitled-design-3.jpg 1080w, https:\/\/www.myrace.lt\/maratonadienis\/wp-content\/uploads\/sites\/17\/2023\/07\/Untitled-design-3-300x300.jpg 300w, https:\/\/www.myrace.lt\/maratonadienis\/wp-content\/uploads\/sites\/17\/2023\/07\/Untitled-design-3-1024x1024.jpg 1024w, https:\/\/www.myrace.lt\/maratonadienis\/wp-content\/uploads\/sites\/17\/2023\/07\/Untitled-design-3-150x150.jpg 150w, https:\/\/www.myrace.lt\/maratonadienis\/wp-content\/uploads\/sites\/17\/2023\/07\/Untitled-design-3-768x768.jpg 768w, https:\/\/www.myrace.lt\/maratonadienis\/wp-content\/uploads\/sites\/17\/2023\/07\/Untitled-design-3-285x285.jpg 285w\" sizes=\"auto, (max-width: 1080px) 100vw, 1080px\" \/><\/p>\n","protected":false},"excerpt":{"rendered":"<p>B\u0116GIMO MEDALIAI \u0160e\u0161i\u0173 Maratonadienio b\u0117gimo rengini\u0173 medaliai sudarys vien\u0105 visum\u0105. Kiekvienas medalis yra savoti\u0161kai unikalus ir tuo pa\u010diu bus visos visumos dalel\u0117. Medaliai atspindi 5 Gamtos stichijas: Oras, Vanduo, \u017dem\u0117, Ugnis, Eteris. Vienas medalis atspindi vien\u0105 stichij\u0105. O sujungus visus 5 medalius \u012f vien\u0105 visum\u0105 gaunamas j\u0117gos simbolis &#8211; PIRAMID\u0116. O \u0161e\u0161tajame b\u0117gime vietoj medalio [&hellip;]<\/p>\n","protected":false},"author":2,"featured_media":0,"parent":0,"menu_order":0,"comment_status":"closed","ping_status":"closed","template":"","meta":{"footnotes":""},"class_list":["post-300","page","type-page","status-publish","hentry"],"_links":{"self":[{"href":"https:\/\/www.myrace.lt\/maratonadienis\/wp-json\/wp\/v2\/pages\/300","targetHints":{"allow":["GET"]}}],"collection":[{"href":"https:\/\/www.myrace.lt\/maratonadienis\/wp-json\/wp\/v2\/pages"}],"about":[{"href":"https:\/\/www.myrace.lt\/maratonadienis\/wp-json\/wp\/v2\/types\/page"}],"author":[{"embeddable":true,"href":"https:\/\/www.myrace.lt\/maratonadienis\/wp-json\/wp\/v2\/users\/2"}],"replies":[{"embeddable":true,"href":"https:\/\/www.myrace.lt\/maratonadienis\/wp-json\/wp\/v2\/comments?post=300"}],"version-history":[{"count":18,"href":"https:\/\/www.myrace.lt\/maratonadienis\/wp-json\/wp\/v2\/pages\/300\/revisions"}],"predecessor-version":[{"id":600,"href":"https:\/\/www.myrace.lt\/maratonadienis\/wp-json\/wp\/v2\/pages\/300\/revisions\/600"}],"wp:attachment":[{"href":"https:\/\/www.myrace.lt\/maratonadienis\/wp-json\/wp\/v2\/media?parent=300"}],"curies":[{"name":"wp","href":"https:\/\/api.w.org\/{rel}","templated":true}]}}