{"id":18,"date":"2020-07-08T10:56:41","date_gmt":"2020-07-08T12:56:41","guid":{"rendered":"https:\/\/www.myrace.lt\/maratonadienis\/?page_id=18"},"modified":"2026-03-30T21:31:03","modified_gmt":"2026-03-30T18:31:03","slug":"registracija","status":"publish","type":"page","link":"https:\/\/www.myrace.lt\/maratonadienis\/","title":{"rendered":"Registracija"},"content":{"rendered":"<hr \/>\n<p style=\"text-align: center;\"><strong><span style=\"font-size: 32px; color: #000000;\">Registracija \u012f rengin\u012f <\/span><\/strong><\/p>\n<p style=\"text-align: center;\"><strong><span style=\"font-size: 32px; color: #000000;\">&#8222;Tiesiog Maratonas\u00a0 #6 , #7 ir #8&#8221;<\/span><\/strong><\/p>\n<p>&nbsp;<\/p>\n<p style=\"text-align: center;\">\t<link rel=\"stylesheet\" type=\"text\/css\" href=\"https:\/\/www.myrace.lt\/registravimas\/tools\/color_myrace.css\" \/>\n\t<link rel=\"stylesheet\" type=\"text\/css\" href=\"https:\/\/www.myrace.lt\/registravimas\/tools\/style03.css\" \/>\n\n<script type=\"text\/javascript\" src=\"https:\/\/www.myrace.lt\/registravimas\/js\/jquery-1.9.1.min.js\"><\/script>\n<script type=\"text\/javascript\" src=\"https:\/\/www.myrace.lt\/registravimas\/js\/jquery.autocomplete.min.js\"><\/script>\n<script type=\"text\/javascript\" src=\"https:\/\/www.myrace.lt\/registravimas\/js\/klubai-autocomplete.js\"><\/script>\n<script type=\"text\/javascript\">\nfunction showDiv(element)\n{\n\tdocument.getElementById('pastaba2').style.display = element.value == 2 ? 'block' : 'none';\n\tdocument.getElementById('pavadinimas31').style.display = element.value == 3 ? 'block' : 'none';\n\tdocument.getElementById('pavadinimas32').style.display = element.value == 3 ? 'block' : 'none';\n\tdocument.getElementById('pavadinimas33').style.display = element.value == 3 ? 'block' : 'none';\n    document.getElementById('nuotolis31').style.display = element.value == 3 ? 'block' : 'none';\n    document.getElementById('nuotolis32').style.display = element.value == 3 ? 'block' : 'none';\n    document.getElementById('nuotolis33').style.display = element.value == 3 ? 'block' : 'none';\n\tdocument.getElementById('pastaba3').style.display = element.value == 3 ? 'block' : 'none';\n\tdocument.getElementById('pavadinimas41').style.display = element.value == 4 ? 'block' : 'none';\n\tdocument.getElementById('pavadinimas42').style.display = element.value == 4 ? 'block' : 'none';\n\tdocument.getElementById('pavadinimas43').style.display = element.value == 4 ? 'block' : 'none';\n\tdocument.getElementById('pavadinimas44').style.display = element.value == 4 ? 'block' : 'none';\n\tdocument.getElementById('nuotolis41').style.display = element.value == 4 ? 'block' : 'none';\n\tdocument.getElementById('nuotolis42').style.display = element.value == 4 ? 'block' : 'none';\n\tdocument.getElementById('nuotolis43').style.display = element.value == 4 ? 'block' : 'none';\n\tdocument.getElementById('nuotolis44').style.display = element.value == 4 ? 'block' : 'none';\n\tdocument.getElementById('pastaba4').style.display = element.value == 4 ? 'block' : 'none';\n}\n<\/script>\n<form action=\"https:\/\/www.myrace.lt\/maratonadienis\/\" method=\"post\"><table class=\"register\" border=\"0\" cellspacing=\"0\" cellpadding=\"5\">\n\t<tr>\n\t\t<td style=\"text-align:center;\" colspan=\"2\">\n\t\t\t<a href=\"https:\/\/www.myrace.lt\/maratonadienis\/?lang=lt\" rel=\"noopener noreferrer\">\n\t\t\t<img decoding=\"async\" class=\"kalba\" title=\"Lietuvi\u0161kai\" src=\"https:\/\/www.myrace.lt\/registravimas\/images\/lt.png\" alt=\"Lietuvi\u0161kai\" \/><\/a>\n\t\t\t<a href=\"https:\/\/www.myrace.lt\/maratonadienis\/?lang=en\" rel=\"noopener noreferrer\"><img decoding=\"async\" class=\"kalba\" title=\"English\" src=\"https:\/\/www.myrace.lt\/registravimas\/images\/en.png\" alt=\"English\" \/><\/a>\n\t\t\t<a href=\"https:\/\/www.myrace.lt\/maratonadienis\/?lang=ru\" rel=\"noopener noreferrer\"><img decoding=\"async\" class=\"kalba\" title=\"\u0420\u0443\u0441\u0441\u043a\u0438\u0439\" src=\"https:\/\/www.myrace.lt\/registravimas\/images\/ru.png\" alt=\"\u0420\u0443\u0441\u0441\u043a\u0438\u0439\" \/><\/a>\n\t\t<\/td>\n\t<\/tr>\n\t<tr>\n\t\t<td style=\"border-width: 0px;\" colspan=\"2\">\n\t\t\t<div class=\"alert info\">\n\t\t\t<span class=\"closebtn\" onclick=\"this.parentElement.style.display='none';\">&times;<\/span>B\u0117gimo dalyvio registracija\u00a0(* \u2013 lauko negalima palikti tu\u0161\u010dio).<br\/>Jeigu nurodysite el.pa\u0161t\u0105, gausite elektronin\u012f prane\u0161im\u0105 apie s\u0117kming\u0105 registracij\u0105.\t\t\t<\/div>\n\t\t<\/td>\n\t<\/tr>\n\n\t<tr><td width=\"220px\" class=\"forma\">Vardas <font color=\"red\"> *<\/font><\/td><td style=\"text-align: left;  border-width: 0px;\"><input class=\"textbox\" type=\"text\" name=\"vardas\" size=\"15\" maxlength=\"20\" value=\"\"><\/td><\/tr><tr><td width=\"220px\" class=\"forma\">Pavard\u0117 <font color=\"red\"> *<\/font><\/td><td style=\"text-align: left;  border-width: 0px;\"><input class=\"textbox\" type=\"text\" name=\"pavarde\" size=\"15\" maxlength=\"20\" value=\"\"><\/td><\/tr><tr><td width=\"220px\" class=\"forma\">Lytis <font color=\"red\"> *<\/font><\/td><td style=\"text-align: left;  border-width: 0px;\"><select style=\"width: 72px;\" name=\"lytis\"><option value=\"0\"> <\/option><option value=\"1\">VYR<\/option><option value=\"2\">MOT<\/option><\/select><\/td><\/tr><tr><td width=\"220px\" class=\"forma\">Gimimo<br\/>metai <font color=\"red\"> *<\/font><\/td><td style=\"text-align: left;  border-width: 0px;\"><input class=\"textbox\" type=\"text\" name=\"gimimodata\" size=\"4\" maxlength=\"4\" value=\"\"> (formatas: MMMM)<\/td><\/tr><tr><td width=\"220px\" class=\"forma\">\u0160alis <\/td><td style=\"text-align: left;  border-width: 0px;\"><select style=\"width: 178px;\" name=\"salis\"><option value=\"AFG\">AFG&nbsp;Afghanistan<\/option><option value=\"ALA\">ALA&nbsp;Aland Islands<\/option><option value=\"ALB\">ALB&nbsp;Albania<\/option><option value=\"DZA\">DZA&nbsp;Algeria<\/option><option value=\"ASM\">ASM&nbsp;American Samoa<\/option><option value=\"AND\">AND&nbsp;Andorra<\/option><option value=\"AGO\">AGO&nbsp;Angola<\/option><option value=\"AIA\">AIA&nbsp;Anguilla<\/option><option value=\"ATA\">ATA&nbsp;Antarctica<\/option><option value=\"ATG\">ATG&nbsp;Antigua and Barbuda<\/option><option value=\"ARG\">ARG&nbsp;Argentina<\/option><option value=\"ARM\">ARM&nbsp;Armenia<\/option><option value=\"ABW\">ABW&nbsp;Aruba<\/option><option value=\"AUS\">AUS&nbsp;Australia<\/option><option value=\"AUT\">AUT&nbsp;Austria<\/option><option value=\"AZE\">AZE&nbsp;Azerbaijan<\/option><option value=\"BHS\">BHS&nbsp;Bahamas<\/option><option value=\"BHR\">BHR&nbsp;Bahrain<\/option><option value=\"BGD\">BGD&nbsp;Bangladesh<\/option><option value=\"BRB\">BRB&nbsp;Barbados<\/option><option value=\"BLR\">BLR&nbsp;Belarus<\/option><option value=\"BEL\">BEL&nbsp;Belgium<\/option><option value=\"BLZ\">BLZ&nbsp;Belize<\/option><option value=\"BEN\">BEN&nbsp;Benin<\/option><option value=\"BMU\">BMU&nbsp;Bermuda<\/option><option value=\"BTN\">BTN&nbsp;Bhutan<\/option><option value=\"BOL\">BOL&nbsp;Bolivia<\/option><option value=\"BES\">BES&nbsp;Bonaire, Sint Eustatius and Saba<\/option><option value=\"BIH\">BIH&nbsp;Bosnia and Herzegovina<\/option><option value=\"BWA\">BWA&nbsp;Botswana<\/option><option value=\"BVT\">BVT&nbsp;Bouvet Island<\/option><option value=\"BRA\">BRA&nbsp;Brazil<\/option><option value=\"IOT\">IOT&nbsp;British Indian Ocean Territory<\/option><option value=\"BRN\">BRN&nbsp;Brunei<\/option><option value=\"BGR\">BGR&nbsp;Bulgaria<\/option><option value=\"BFA\">BFA&nbsp;Burkina Faso<\/option><option value=\"BDI\">BDI&nbsp;Burundi<\/option><option value=\"KHM\">KHM&nbsp;Cambodia<\/option><option value=\"CMR\">CMR&nbsp;Cameroon<\/option><option value=\"CAN\">CAN&nbsp;Canada<\/option><option value=\"CPV\">CPV&nbsp;Cape Verde<\/option><option value=\"CYM\">CYM&nbsp;Cayman Islands<\/option><option value=\"CAF\">CAF&nbsp;Central African Republic<\/option><option value=\"TCD\">TCD&nbsp;Chad<\/option><option value=\"CHL\">CHL&nbsp;Chile<\/option><option value=\"CHN\">CHN&nbsp;China<\/option><option value=\"CXR\">CXR&nbsp;Christmas Island<\/option><option value=\"CCK\">CCK&nbsp;Cocos (Keeling) Islands<\/option><option value=\"COL\">COL&nbsp;Colombia<\/option><option value=\"COM\">COM&nbsp;Comoros<\/option><option value=\"COG\">COG&nbsp;Congo<\/option><option value=\"COK\">COK&nbsp;Cook Islands<\/option><option value=\"CRI\">CRI&nbsp;Costa Rica<\/option><option value=\"CIV\">CIV&nbsp;Cote d'ivoire (Ivory Coast)<\/option><option value=\"HRV\">HRV&nbsp;Croatia<\/option><option value=\"CUB\">CUB&nbsp;Cuba<\/option><option value=\"CUW\">CUW&nbsp;Curacao<\/option><option value=\"CYP\">CYP&nbsp;Cyprus<\/option><option value=\"CZE\">CZE&nbsp;Czech Republic<\/option><option value=\"COD\">COD&nbsp;Democratic Republic of the Congo<\/option><option value=\"DNK\">DNK&nbsp;Denmark<\/option><option value=\"DJI\">DJI&nbsp;Djibouti<\/option><option value=\"DMA\">DMA&nbsp;Dominica<\/option><option value=\"DOM\">DOM&nbsp;Dominican Republic<\/option><option value=\"ECU\">ECU&nbsp;Ecuador<\/option><option value=\"EGY\">EGY&nbsp;Egypt<\/option><option value=\"SLV\">SLV&nbsp;El Salvador<\/option><option value=\"GNQ\">GNQ&nbsp;Equatorial Guinea<\/option><option value=\"ERI\">ERI&nbsp;Eritrea<\/option><option value=\"EST\">EST&nbsp;Estonia<\/option><option value=\"ETH\">ETH&nbsp;Ethiopia<\/option><option value=\"FLK\">FLK&nbsp;Falkland Islands (Malvinas)<\/option><option value=\"FRO\">FRO&nbsp;Faroe Islands<\/option><option value=\"FJI\">FJI&nbsp;Fiji<\/option><option value=\"FIN\">FIN&nbsp;Finland<\/option><option value=\"FRA\">FRA&nbsp;France<\/option><option value=\"GUF\">GUF&nbsp;French Guiana<\/option><option value=\"PYF\">PYF&nbsp;French Polynesia<\/option><option value=\"ATF\">ATF&nbsp;French Southern Territories<\/option><option value=\"GAB\">GAB&nbsp;Gabon<\/option><option value=\"GMB\">GMB&nbsp;Gambia<\/option><option value=\"GEO\">GEO&nbsp;Georgia<\/option><option value=\"DEU\">DEU&nbsp;Germany<\/option><option value=\"GHA\">GHA&nbsp;Ghana<\/option><option value=\"GIB\">GIB&nbsp;Gibraltar<\/option><option value=\"GRC\">GRC&nbsp;Greece<\/option><option value=\"GRL\">GRL&nbsp;Greenland<\/option><option value=\"GRD\">GRD&nbsp;Grenada<\/option><option value=\"GLP\">GLP&nbsp;Guadaloupe<\/option><option value=\"GUM\">GUM&nbsp;Guam<\/option><option value=\"GTM\">GTM&nbsp;Guatemala<\/option><option value=\"GGY\">GGY&nbsp;Guernsey<\/option><option value=\"GIN\">GIN&nbsp;Guinea<\/option><option value=\"GNB\">GNB&nbsp;Guinea-Bissau<\/option><option value=\"GUY\">GUY&nbsp;Guyana<\/option><option value=\"HTI\">HTI&nbsp;Haiti<\/option><option value=\"HMD\">HMD&nbsp;Heard Island and McDonald Islands<\/option><option value=\"HND\">HND&nbsp;Honduras<\/option><option value=\"HKG\">HKG&nbsp;Hong Kong<\/option><option value=\"HUN\">HUN&nbsp;Hungary<\/option><option value=\"ISL\">ISL&nbsp;Iceland<\/option><option value=\"IND\">IND&nbsp;India<\/option><option value=\"IDN\">IDN&nbsp;Indonesia<\/option><option value=\"IRN\">IRN&nbsp;Iran<\/option><option value=\"IRQ\">IRQ&nbsp;Iraq<\/option><option value=\"IRL\">IRL&nbsp;Ireland<\/option><option value=\"IMN\">IMN&nbsp;Isle of Man<\/option><option value=\"ISR\">ISR&nbsp;Israel<\/option><option value=\"ITA\">ITA&nbsp;Italy<\/option><option value=\"JAM\">JAM&nbsp;Jamaica<\/option><option value=\"JPN\">JPN&nbsp;Japan<\/option><option value=\"JEY\">JEY&nbsp;Jersey<\/option><option value=\"JOR\">JOR&nbsp;Jordan<\/option><option value=\"KAZ\">KAZ&nbsp;Kazakhstan<\/option><option value=\"KEN\">KEN&nbsp;Kenya<\/option><option value=\"KIR\">KIR&nbsp;Kiribati<\/option><option value=\"---\">---&nbsp;Kosovo<\/option><option value=\"KWT\">KWT&nbsp;Kuwait<\/option><option value=\"KGZ\">KGZ&nbsp;Kyrgyzstan<\/option><option value=\"LAO\">LAO&nbsp;Laos<\/option><option value=\"LVA\">LVA&nbsp;Latvia<\/option><option value=\"LBN\">LBN&nbsp;Lebanon<\/option><option value=\"LSO\">LSO&nbsp;Lesotho<\/option><option value=\"LBR\">LBR&nbsp;Liberia<\/option><option value=\"LBY\">LBY&nbsp;Libya<\/option><option value=\"LIE\">LIE&nbsp;Liechtenstein<\/option><option value=\"LTU\" selected=\"selected\">LTU&nbsp;Lietuva<\/option><option value=\"LUX\">LUX&nbsp;Luxembourg<\/option><option value=\"MAC\">MAC&nbsp;Macao<\/option><option value=\"MKD\">MKD&nbsp;Macedonia<\/option><option value=\"MDG\">MDG&nbsp;Madagascar<\/option><option value=\"MWI\">MWI&nbsp;Malawi<\/option><option value=\"MYS\">MYS&nbsp;Malaysia<\/option><option value=\"MDV\">MDV&nbsp;Maldives<\/option><option value=\"MLI\">MLI&nbsp;Mali<\/option><option value=\"MLT\">MLT&nbsp;Malta<\/option><option value=\"MHL\">MHL&nbsp;Marshall Islands<\/option><option value=\"MTQ\">MTQ&nbsp;Martinique<\/option><option value=\"MRT\">MRT&nbsp;Mauritania<\/option><option value=\"MUS\">MUS&nbsp;Mauritius<\/option><option value=\"MYT\">MYT&nbsp;Mayotte<\/option><option value=\"MEX\">MEX&nbsp;Mexico<\/option><option value=\"FSM\">FSM&nbsp;Micronesia<\/option><option value=\"MDA\">MDA&nbsp;Moldava<\/option><option value=\"MCO\">MCO&nbsp;Monaco<\/option><option value=\"MNG\">MNG&nbsp;Mongolia<\/option><option value=\"MNE\">MNE&nbsp;Montenegro<\/option><option value=\"MSR\">MSR&nbsp;Montserrat<\/option><option value=\"MAR\">MAR&nbsp;Morocco<\/option><option value=\"MOZ\">MOZ&nbsp;Mozambique<\/option><option value=\"MMR\">MMR&nbsp;Myanmar (Burma)<\/option><option value=\"NAM\">NAM&nbsp;Namibia<\/option><option value=\"NRU\">NRU&nbsp;Nauru<\/option><option value=\"NPL\">NPL&nbsp;Nepal<\/option><option value=\"NLD\">NLD&nbsp;Netherlands<\/option><option value=\"NCL\">NCL&nbsp;New Caledonia<\/option><option value=\"NZL\">NZL&nbsp;New Zealand<\/option><option value=\"NIC\">NIC&nbsp;Nicaragua<\/option><option value=\"NER\">NER&nbsp;Niger<\/option><option value=\"NGA\">NGA&nbsp;Nigeria<\/option><option value=\"NIU\">NIU&nbsp;Niue<\/option><option value=\"NFK\">NFK&nbsp;Norfolk Island<\/option><option value=\"PRK\">PRK&nbsp;North Korea<\/option><option value=\"MNP\">MNP&nbsp;Northern Mariana Islands<\/option><option value=\"NOR\">NOR&nbsp;Norway<\/option><option value=\"OMN\">OMN&nbsp;Oman<\/option><option value=\"PAK\">PAK&nbsp;Pakistan<\/option><option value=\"PLW\">PLW&nbsp;Palau<\/option><option value=\"PSE\">PSE&nbsp;Palestine<\/option><option value=\"PAN\">PAN&nbsp;Panama<\/option><option value=\"PNG\">PNG&nbsp;Papua New Guinea<\/option><option value=\"PRY\">PRY&nbsp;Paraguay<\/option><option value=\"PER\">PER&nbsp;Peru<\/option><option value=\"PHL\">PHL&nbsp;Phillipines<\/option><option value=\"PCN\">PCN&nbsp;Pitcairn<\/option><option value=\"POL\">POL&nbsp;Poland<\/option><option value=\"PRT\">PRT&nbsp;Portugal<\/option><option value=\"PRI\">PRI&nbsp;Puerto Rico<\/option><option value=\"QAT\">QAT&nbsp;Qatar<\/option><option value=\"REU\">REU&nbsp;Reunion<\/option><option value=\"ROU\">ROU&nbsp;Romania<\/option><option value=\"RUS\">RUS&nbsp;Russia<\/option><option value=\"RWA\">RWA&nbsp;Rwanda<\/option><option value=\"BLM\">BLM&nbsp;Saint Barthelemy<\/option><option value=\"SHN\">SHN&nbsp;Saint Helena<\/option><option value=\"KNA\">KNA&nbsp;Saint Kitts and Nevis<\/option><option value=\"LCA\">LCA&nbsp;Saint Lucia<\/option><option value=\"MAF\">MAF&nbsp;Saint Martin<\/option><option value=\"SPM\">SPM&nbsp;Saint Pierre and Miquelon<\/option><option value=\"VCT\">VCT&nbsp;Saint Vincent and the Grenadines<\/option><option value=\"WSM\">WSM&nbsp;Samoa<\/option><option value=\"SMR\">SMR&nbsp;San Marino<\/option><option value=\"STP\">STP&nbsp;Sao Tome and Principe<\/option><option value=\"SAU\">SAU&nbsp;Saudi Arabia<\/option><option value=\"SEN\">SEN&nbsp;Senegal<\/option><option value=\"SRB\">SRB&nbsp;Serbia<\/option><option value=\"SYC\">SYC&nbsp;Seychelles<\/option><option value=\"SLE\">SLE&nbsp;Sierra Leone<\/option><option value=\"SGP\">SGP&nbsp;Singapore<\/option><option value=\"SXM\">SXM&nbsp;Sint Maarten<\/option><option value=\"SVK\">SVK&nbsp;Slovakia<\/option><option value=\"SVN\">SVN&nbsp;Slovenia<\/option><option value=\"SLB\">SLB&nbsp;Solomon Islands<\/option><option value=\"SOM\">SOM&nbsp;Somalia<\/option><option value=\"ZAF\">ZAF&nbsp;South Africa<\/option><option value=\"SGS\">SGS&nbsp;South Georgia and the South Sandwich Islands<\/option><option value=\"KOR\">KOR&nbsp;South Korea<\/option><option value=\"SSD\">SSD&nbsp;South Sudan<\/option><option value=\"ESP\">ESP&nbsp;Spain<\/option><option value=\"LKA\">LKA&nbsp;Sri Lanka<\/option><option value=\"SDN\">SDN&nbsp;Sudan<\/option><option value=\"SUR\">SUR&nbsp;Suriname<\/option><option value=\"SJM\">SJM&nbsp;Svalbard and Jan Mayen<\/option><option value=\"SWZ\">SWZ&nbsp;Swaziland<\/option><option value=\"SWE\">SWE&nbsp;Sweden<\/option><option value=\"CHE\">CHE&nbsp;Switzerland<\/option><option value=\"SYR\">SYR&nbsp;Syria<\/option><option value=\"TWN\">TWN&nbsp;Taiwan<\/option><option value=\"TJK\">TJK&nbsp;Tajikistan<\/option><option value=\"TZA\">TZA&nbsp;Tanzania<\/option><option value=\"THA\">THA&nbsp;Thailand<\/option><option value=\"TLS\">TLS&nbsp;Timor-Leste (East Timor)<\/option><option value=\"TGO\">TGO&nbsp;Togo<\/option><option value=\"TKL\">TKL&nbsp;Tokelau<\/option><option value=\"TON\">TON&nbsp;Tonga<\/option><option value=\"TTO\">TTO&nbsp;Trinidad and Tobago<\/option><option value=\"TUN\">TUN&nbsp;Tunisia<\/option><option value=\"TUR\">TUR&nbsp;Turkey<\/option><option value=\"TKM\">TKM&nbsp;Turkmenistan<\/option><option value=\"TCA\">TCA&nbsp;Turks and Caicos Islands<\/option><option value=\"TUV\">TUV&nbsp;Tuvalu<\/option><option value=\"UGA\">UGA&nbsp;Uganda<\/option><option value=\"UKR\">UKR&nbsp;Ukraine<\/option><option value=\"ARE\">ARE&nbsp;United Arab Emirates<\/option><option value=\"GBR\">GBR&nbsp;United Kingdom<\/option><option value=\"USA\">USA&nbsp;United States<\/option><option value=\"UMI\">UMI&nbsp;United States Minor Outlying Islands<\/option><option value=\"URY\">URY&nbsp;Uruguay<\/option><option value=\"UZB\">UZB&nbsp;Uzbekistan<\/option><option value=\"VUT\">VUT&nbsp;Vanuatu<\/option><option value=\"VAT\">VAT&nbsp;Vatican City<\/option><option value=\"VEN\">VEN&nbsp;Venezuela<\/option><option value=\"VNM\">VNM&nbsp;Vietnam<\/option><option value=\"VGB\">VGB&nbsp;Virgin Islands, British<\/option><option value=\"VIR\">VIR&nbsp;Virgin Islands, US<\/option><option value=\"WLF\">WLF&nbsp;Wallis and Futuna<\/option><option value=\"ESH\">ESH&nbsp;Western Sahara<\/option><option value=\"YEM\">YEM&nbsp;Yemen<\/option><option value=\"ZMB\">ZMB&nbsp;Zambia<\/option><option value=\"ZWE\">ZWE&nbsp;Zimbabwe<\/option><\/select><\/td><\/tr><tr><td width=\"220px\" class=\"forma\">Miestas <\/td><td style=\"text-align: left;  border-width: 0px;\"><input class=\"textbox\" type=\"text\" name=\"miestas\" size=\"15\" maxlength=\"20\" value=\"\"><\/td><\/tr><tr><td width=\"220px\" class=\"forma\">Organizacija \/ Klubas <\/td><td style=\"text-align: left;  border-width: 0px;\"><input class='textbox' name='klubas' size='15' value='' id='autocomplete'><\/td><\/tr><tr><td width=\"220px\" class=\"forma\">Nuotolis <font color=\"red\"> *<\/font><\/td><td style=\"text-align: left;  border-width: 0px;\"><select style=\"width: 150px;\" id=\"nuotolis\" name=\"nuotolis\" onchange=\"showDiv(this)\"><option value=\"0\">Pasirinkite<\/option><option value=\"1\"> Maratonadienis #8<\/option><option value=\"2\"> Maratonadienis #8<\/option><option value=\"3\"> Maratonadienis #8<\/option><\/select><\/td><\/tr><tr><td width=\"220px\" class=\"forma\">Tel. nr. <\/td><td style=\"text-align: left;  border-width: 0px;\"><input class=\"textbox\" type=\"text\" name=\"telefonas\" size=\"12\" maxlength=\"12\" value=\"\"><\/td><\/tr><tr><td width=\"220px\" class=\"forma\">E-pa\u0161tas <\/td><td style=\"text-align: left;  border-width: 0px;\"><input class=\"textbox\" type=\"text\" name=\"epastas\" size=\"23\" maxlength=\"48\" value=\"\"><\/td><\/tr><tr><td width=\"220px\" class=\"forma\">Pastaba <\/td><td style=\"text-align: left;  border-width: 0px;\"><textarea name=\"pastaba\" cols=\"50\" rows=\"3\"><\/textarea><\/td><\/tr><tr>\n\t\t<td style=\"border-width: 0px; text-align: left;\" colspan=\"2\">\n\t\t\t<table border=\"0\" cellspacing=\"0\" cellpadding=\"0\">\n\t\t\t\t<tr>\n\t\t\t\t<td align=\"right\" width=\"40px\">\n\t\t\t\t\t<input type=\"checkbox\" name=\"sutinku\">\n\t\t\t\t<\/td>\n\t\t\t\t<td class=\"pranesti\">\n\t\t\t\t\t<font color=\"red\"><b>* <\/b><\/font><a style=\"font-size:14px; color:red;\" href=\"javascript:;\" onclick=\"window.open('https:\/\/www.myrace.lt\/maratonadienis\/nuostatai', 'mywin', 'menubar=1, resizable=1, scrollbars=1, width=950, height=650');\">A\u0161 perskai\u010dau ir sutinku su var\u017eyb\u0173 nuostatais<\/a>\n\t\t\t\t<\/td>\n\t\t\t\t<\/tr>\t\t\t<\/table>\n\t\t<\/td>\n\t<\/tr>\n\t<tr>\n\t\t<td class=\"forma\"><\/td>\n\t\t<td align=\"left\">\n\t\t\t<input class=\"mygtukas\" type=\"submit\" name=\"veiksmas\" value=\"Registruotis\">\n\t\t<\/td>\n\t<\/tr>\n\t<tr><td>&nbsp;<\/td><\/tr>\n\t<tr>\n\t\t<td style=\"border-width: 0px;\" colspan=\"2\">\n\t\t\t<div class=\"alert info\">\n\t\t\t<span class=\"closebtn\" onclick=\"this.parentElement.style.display='none';\">&times;<\/span>B\u0117gimo dalyvio registracija\u00a0(* \u2013 lauko negalima palikti tu\u0161\u010dio).<br\/>Jeigu nurodysite el.pa\u0161t\u0105, gausite elektronin\u012f prane\u0161im\u0105 apie s\u0117kming\u0105 registracij\u0105.\t\t\t<\/div>\n\t\t<\/td>\n\t<\/tr>\n<\/table>\n\n\n<\/form><\/p>\n<p>&nbsp;<\/p>\n<p>&nbsp;<\/p>\n<p>&nbsp;<\/p>\n<p><code><\/code><\/p>\n<p>&nbsp;<\/p>\n","protected":false},"excerpt":{"rendered":"<p>Registracija \u012f rengin\u012f &#8222;Tiesiog Maratonas\u00a0 #6 , #7 ir #8&#8221; &nbsp; &nbsp; &nbsp; &nbsp; &nbsp;<\/p>\n","protected":false},"author":1,"featured_media":0,"parent":0,"menu_order":0,"comment_status":"closed","ping_status":"closed","template":"","meta":{"footnotes":""},"class_list":["post-18","page","type-page","status-publish","hentry"],"_links":{"self":[{"href":"https:\/\/www.myrace.lt\/maratonadienis\/wp-json\/wp\/v2\/pages\/18","targetHints":{"allow":["GET"]}}],"collection":[{"href":"https:\/\/www.myrace.lt\/maratonadienis\/wp-json\/wp\/v2\/pages"}],"about":[{"href":"https:\/\/www.myrace.lt\/maratonadienis\/wp-json\/wp\/v2\/types\/page"}],"author":[{"embeddable":true,"href":"https:\/\/www.myrace.lt\/maratonadienis\/wp-json\/wp\/v2\/users\/1"}],"replies":[{"embeddable":true,"href":"https:\/\/www.myrace.lt\/maratonadienis\/wp-json\/wp\/v2\/comments?post=18"}],"version-history":[{"count":55,"href":"https:\/\/www.myrace.lt\/maratonadienis\/wp-json\/wp\/v2\/pages\/18\/revisions"}],"predecessor-version":[{"id":1792,"href":"https:\/\/www.myrace.lt\/maratonadienis\/wp-json\/wp\/v2\/pages\/18\/revisions\/1792"}],"wp:attachment":[{"href":"https:\/\/www.myrace.lt\/maratonadienis\/wp-json\/wp\/v2\/media?parent=18"}],"curies":[{"name":"wp","href":"https:\/\/api.w.org\/{rel}","templated":true}]}}