{"id":1209,"date":"2025-08-18T15:41:19","date_gmt":"2025-08-18T12:41:19","guid":{"rendered":"https:\/\/www.myrace.lt\/maratonadienis\/?page_id=1209"},"modified":"2026-01-26T14:05:01","modified_gmt":"2026-01-26T12:05:01","slug":"nuostatai-atgal-i-praeiti","status":"publish","type":"page","link":"https:\/\/www.myrace.lt\/maratonadienis\/nuostatai-atgal-i-praeiti\/","title":{"rendered":"Nuostatai &#8211; ATGAL \u012e PRAEIT\u012e"},"content":{"rendered":"<div class=\"x11i5rnm xat24cr x1mh8g0r x1vvkbs xtlvy1s\" style=\"text-align: center;\"><span style=\"font-size: 32px; color: #000000;\"><strong>NUOSTATAI<\/strong><\/span><\/div>\n<div><\/div>\n<div>\n<p style=\"text-align: center;\" data-start=\"148\" data-end=\"214\"><span style=\"color: #000000;\"><strong data-start=\"148\" data-end=\"212\">&#8222;ATGAL \u012e PRAEIT\u012e&#8221; \u2013 b\u0117gimas, kuriame istorija tampa dabartimi!<\/strong><\/span><\/p>\n<p style=\"text-align: center;\" data-start=\"216\" data-end=\"472\"><span style=\"color: #000000;\">\u0160io renginio i\u0161skirtinumas \u2013 visi apdovanojimai atkeliav\u0119 i\u0161 pra\u0117jusi\u0173 met\u0173 b\u0117gim\u0173. Medaliai, taur\u0117s ir prizai \u012fgyja antr\u0105 gyvenim\u0105 ir nauj\u0105 prasm\u0119 \u2013 jie ne tik primena ankstesnius renginius, bet ir tampa simboliu t\u0119stinumo bei b\u0117gik\u0173 bendruomen\u0117s ry\u0161io.<\/span><\/p>\n<p style=\"text-align: center;\" data-start=\"474\" data-end=\"593\"><span style=\"color: #000000;\">\u010cia svarbiausia \u2013 ne trof\u0117j\u0173 naujumas, o pats b\u0117gimo d\u017eiaugsmas, patirtis ir galimyb\u0117 i\u0161 naujo atrasti sporto prasm\u0119.<\/span><\/p>\n<p style=\"text-align: center;\" data-start=\"595\" data-end=\"682\"><span style=\"color: #000000;\"><strong data-start=\"595\" data-end=\"680\">&#8222;Atgal \u012e Praeit\u012f&#8221; \u2013 unikalus b\u0117gimas, kuriame kiekvienas prizas turi savo istorij\u0105. B\u0117k d\u0117l patirties, linksmos nuotaikos ir smagi\u0173 staigmen\u0173. Atgal \u012f praeit\u012f \u2013 nes geri prizai antr\u0105 \u0161ans\u0105 tikrai nusipeln\u0117!<\/strong><\/span><\/p>\n<\/div>\n<p style=\"text-align: center;\" data-start=\"595\" data-end=\"682\"><span style=\"color: #000000;\"><span style=\"color: #003366;\"><strong data-start=\"769\" data-end=\"871\">\u201eB\u0117gimas yra kelion\u0117 laiku: palieki praeit\u012f u\u017e nugaros ir pasitinki ateit\u012f su kiekvienu \u012fkv\u0117pimu.\u201c<\/strong> <\/span>\u2013 <em data-start=\"874\" data-end=\"897\">Christopher McDougall<\/em><\/span><\/p>\n<div><\/div>\n<div class=\"x11i5rnm xat24cr x1mh8g0r x1vvkbs xtlvy1s\"><span style=\"color: #000000;\"><strong>STARTAS:<\/strong><\/span><\/div>\n<div>\n<div><span style=\"color: #000000;\"><strong>Atgal \u012e Praeit\u012f #5\u00a0 \u2013 2026-04-05 9.00 val. (galimas papildomas startas 3.00 ir 6.00 val.);<\/strong><\/span><\/div>\n<\/div>\n<div><span style=\"color: #000000;\">.<\/span><\/div>\n<div class=\"x11i5rnm xat24cr x1mh8g0r x1vvkbs xtlvy1s\"><span style=\"color: #000000;\"><strong>STARTO VIETA:<\/strong><\/span><\/div>\n<div><span style=\"color: #000000;\">Vilnius, Vingio parkas.<\/span><\/div>\n<div><span style=\"color: #000000;\">.<\/span><\/div>\n<div class=\"x11i5rnm xat24cr x1mh8g0r x1vvkbs xtlvy1s\"><span style=\"color: #000000;\"><strong>NUOTOLIAI:<\/strong><\/span><\/div>\n<div><span style=\"color: #000000;\">Rato ilgis \u2013 4,22 km.<\/span><\/div>\n<div><span style=\"color: #000000;\">Distancija \u2013 nuo 4,22 km (1 ratas) &#8230;\u00a0 iki 42,195km (10 rat\u0173).<\/span><\/div>\n<div><span style=\"color: #000000;\">Dalyviai \u012fveikia tiek rat\u0173, kiek t\u0105 dien\u0105 \u0161irdis geid\u017eia ir j\u0117gos leid\u017eia.<\/span><\/div>\n<div><span style=\"color: #000000;\">Distancij\u0105 galima \u012fveikti tiek b\u0117gant, tiek einant.<\/span><\/div>\n<div><span style=\"color: #000000;\">Bus fiksuojami visi dalyvi\u0173 prab\u0117gti ratai ir\u00a0 \u012fveikimo laikas.<\/span><\/div>\n<div><span style=\"color: #000000;\">.<\/span><\/div>\n<div class=\"x11i5rnm xat24cr x1mh8g0r x1vvkbs xtlvy1s\"><span style=\"color: #000000;\"><strong>LAIKO LIMITAS:<\/strong><\/span><br \/>\n<span style=\"color: #000000;\">Laiko limitas \u2013 7h.<\/span><\/div>\n<div><span style=\"color: #000000;\">.<\/span><\/div>\n<div class=\"x11i5rnm xat24cr x1mh8g0r x1vvkbs xtlvy1s\"><span style=\"color: #000000;\"><strong>REGISTRACIJA:<\/strong><\/span><br \/>\n<span style=\"color: #000000;\">Registracijos puslapis:<\/span><br \/>\n<span style=\"color: #0000ff;\"><strong><a class=\"x1i10hfl xjbqb8w x1ejq31n xd10rxx x1sy0etr x17r0tee x972fbf xcfux6l x1qhh985 xm0m39n x9f619 x1ypdohk xt0psk2 xe8uvvx xdj266r x11i5rnm xat24cr x1mh8g0r xexx8yu x4uap5 x18d9i69 xkhd6sd x16tdsg8 x1hl2dhg xggy1nq x1a2a7pz xt0b8zv x1fey0fg\" style=\"color: #0000ff;\" tabindex=\"0\" role=\"link\" href=\"https:\/\/l.facebook.com\/l.php?u=https%3A%2F%2Fwww.myrace%2F%3Ffbclid%3DIwAR1LI3kyVppt3Qv50y2Rr5-2QAhXKEk6l4t9kuv60GJ4sxusbgetFWjKwIc&amp;h=AT35TuKr3uy9AwDgYshrCyAg80WDm35cTQuWNoW5DHlxQVq-kCD0U5pCUO4cphjqykn2mqnXXQLwpymNhOY8odxfEqmzw5ql2dqa-ClCQd_2YsI5S3mYtnYQ7XvUYvFNXWA3&amp;__tn__=q&amp;c[0]=AT0cpKChW8y5CfFvFJyNamGFaKh2SrggbU4SgWdOeYqbC8AvsZO0YMy4uD--JlgvuuiKAL7gC2P2UbX4YS4bkejd33TRdEKIhE6AESKnpV6F19BZEnrOA3dg4VlqQQTUMGo\" target=\"_blank\" rel=\"nofollow noopener noreferrer\">https:\/\/www.myrace.lt\/maratonadienis<\/a><\/strong><\/span><\/div>\n<div><span style=\"color: #000000;\">.<\/span><\/div>\n<div class=\"x11i5rnm xat24cr x1mh8g0r x1vvkbs xtlvy1s\"><span style=\"color: #000000;\"><strong>DALYVI\u0172 STARTINIS MOKESTIS:<\/strong><\/span><\/div>\n<div><span style=\"color: #000000;\">Registruojantis iki <\/span><strong style=\"color: #000000;\">2026-03-01<\/strong><span style=\"color: #000000;\">\u00a0 \u00a0\u2013 <\/span><strong style=\"color: #000000;\">12 \u20ac;<\/strong><\/div>\n<div>\n<div><span style=\"color: #000000;\">Registruojantis iki <strong>2026-04-03<\/strong>\u00a0 \u00a0\u2013 <strong>15 \u20ac;<\/strong><\/span><\/div>\n<div><span style=\"color: #000000;\">REGISTRACIJA VIETOJE\u00a0 \u2013\u00a0<strong>20 \u20ac.<\/strong><\/span><\/div>\n<div><span style=\"color: #000000;\">Socialiai remtiniems asmenims, senjorams vir\u0161 65 met\u0173 ir dalyviams su negalia &#8211; <strong>10 \u20ac .<\/strong><\/span><\/div>\n<div><span style=\"color: #000000;\">Kei\u010diantis kainai, nesusimok\u0117j\u0119 dalyviai bus trinami i\u0161 dalyvi\u0173 s\u0105ra\u0161o.<\/span><\/div>\n<div><\/div>\n<div class=\"x11i5rnm xat24cr x1mh8g0r x1vvkbs xtlvy1s\"><span style=\"color: #000000;\"><strong><em>Dalyvio startinis mokestis pervedamas \u012f V\u0161\u012e Maratomanija\u00a0 \u00a0SWEDBANK\u00a0 s\u0105skait\u0105 \u2013 LT78 7300 0101 8894 6892;<\/em><\/strong><\/span><\/div>\n<div class=\"x11i5rnm xat24cr x1mh8g0r x1vvkbs xtlvy1s\"><span style=\"color: #000000;\">Dalyviai, u\u017esiregistrav\u0119 ir nesumok\u0117j\u0119 startinio mokes\u010dio, bus trinami i\u0161 dalyvi\u0173 s\u0105ra\u0161o.<\/span><\/div>\n<div><span style=\"color: #000000;\"><strong>I\u0161ankstin\u0117 internetin\u0117 registracija u\u017edaroma 2025-12-06\u00a0 8.00 val..<\/strong><\/span><\/div>\n<div class=\"x11i5rnm xat24cr x1mh8g0r x1vvkbs xtlvy1s\"><span style=\"color: #000000;\">Dalyvio startinis mokestis negr\u0105\u017einamas.<\/span><\/div>\n<\/div>\n<div><span style=\"color: #000000;\">.<\/span><\/div>\n<p><span style=\"color: #000000;\"><strong>APDOVANOJIMAI:<\/strong><\/span><\/p>\n<ul>\n<li><span style=\"color: #000000;\">Kiekvienam dalyviui (nepriklausomai nuo \u012fveikto atstumo), bus \u012fteiktas atminimo medalis.<\/span><\/li>\n<\/ul>\n<div><em><strong><span style=\"color: #800000;\">&#8222;Atgal \u012e Praeit\u012f #5&#8221; dalyviai gal\u0117s pasirinkti vien\u0105 i\u0161 &#8222;\u017davi porel\u0117&#8221; b\u0117gimo medali\u0173. <\/span><\/strong><\/em><\/div>\n<p>&nbsp;<\/p>\n<div><span style=\"color: #000000;\">.<\/span><\/div>\n<div class=\"x11i5rnm xat24cr x1mh8g0r x1vvkbs xtlvy1s\"><span style=\"color: #000000;\"><strong>NUMERI\u0172 I\u0160DAVIMAS<\/strong><\/span><br \/>\n<span style=\"color: #000000;\">Numeriai bus i\u0161duodami starto vietoje.<\/span><\/div>\n<div><span style=\"color: #000000;\">.<\/span><\/div>\n<div class=\"x11i5rnm xat24cr x1mh8g0r x1vvkbs xtlvy1s\"><span style=\"color: #000000;\"><strong>EIGA, REZULTAT\u0172 FIKSAVIMAS<\/strong><\/span><br \/>\n<span style=\"color: #000000;\">Trasoje bus \u012frengta vandens ir\u00a0 maitinimo stotel\u0117, kurioje dalyviams bus dalinami g\u0117rimai \u2013 vanduo, Cola, gaivieji g\u0117rimai, vaisiai, sausainiai, u\u017ekand\u017eiai.<\/span><\/div>\n<div class=\"x11i5rnm xat24cr x1mh8g0r x1vvkbs xtlvy1s\"><span style=\"color: #000000;\">Rezultatai bus skelbiami renginio rezultat\u0173 puslapyje:\u00a0<a style=\"color: #000000;\" href=\"https:\/\/www.myrace.lt\/maratonadienis\/rezultatai\/\">\u00a0https:\/\/www.myrace.lt\/maratonadienis\/rezultatai\/.\u00a0<\/a>\u00a0I\u0161 \u0161io puslapio dalyviai gal\u0117s parsisi\u0173sti skaitmeninius diplomus su savo b\u0117gimo rezultatu.<\/span><\/div>\n<div class=\"x11i5rnm xat24cr x1mh8g0r x1vvkbs xtlvy1s\"><span style=\"color: #000000;\">.<\/span><\/div>\n<div>\n<p><span style=\"color: #000000;\"><strong>SPECIALIOS S\u0104LYGOS IR APRIBOJIMAI<\/strong><\/span><\/p>\n<ol>\n<li><span style=\"color: #000000;\">Registruotis \u012f bet kuri\u0105 rungt\u012f galima tik savo vardu. Savo numer\u012f perduoti kitam dalyviui draud\u017eiama. Tokiu atveju dalyviai bus diskvalifikuojami, o rezultatai \u012f var\u017eyb\u0173 protokol\u0105 ne\u012ftraukiami.<\/span><\/li>\n<li><span style=\"color: #000000;\">Kiekvienas dalyvis var\u017eybose privalo tur\u0117ti ant mar\u0161kin\u0117li\u0173 tvarkingai pritvirtint\u0105 numer\u012f. Numeris turi b\u016bti ant mar\u0161kin\u0117li\u0173 priekio (kr\u016btin\u0117s), ai\u0161kiai matomoje vietoje.<\/span><\/li>\n<li><span style=\"color: #000000;\">Dalyviams grie\u017etai draud\u017eiama naudoti bet kokias transporto priemones, pvz.: dvira\u010dius, riedu\u010dius, riedlentes ir kitas ratuotas transporto priemones. Dalyviai, pa\u017eeid\u0119 \u0161\u012f nuostat\u0173 punkt\u0105, bus diskvalifikuojami.<\/span><\/li>\n<li><span style=\"color: #000000;\">Var\u017eyb\u0173 dalyviams nukrypti nuo b\u0117gimo trasos (be teis\u0117jo leidimo) yra draud\u017eiama. Dalyviai, pa\u017eeid\u0119 \u0161i\u0105 taisykl\u0119, bus diskvalifikuojami.<\/span><\/li>\n<li><span style=\"color: #000000;\">Bet kokios dalyvi\u0173 pretenzijos turi b\u016bti pateiktos ra\u0161tu var\u017eyb\u0173 vyr. teis\u0117jui ne v\u0117liau kaip per 30 minu\u010di\u0173 po var\u017eyb\u0173 pabaigos. Dalyvis, pateikdamas pretenzij\u0105, privalo sumok\u0117ti 30 eur\u0173 mokest\u012f, kuris gr\u0105\u017einamas tik tuo atveju, jeigu apeliacin\u0117 komisija (maratono direktorius, vyr. teis\u0117jas) pretenzij\u0105 patenkins. Kol dalyvis nesumoka \u0161io mokes\u010dio, pretenzijos nesvarstomos.<\/span><\/li>\n<li><span style=\"color: #000000;\">Renginio organizatoriai neatsako u\u017e dalyvi\u0173 sveikat\u0105 ar sveikatos sutrikimus, patirtus b\u0117gimo metu. Dalyviai privalo patys asmeni\u0161kai pasitikrinti sveikat\u0105.<\/span><\/li>\n<li><span style=\"color: #000000;\">Kiekvienas dalyvis u\u017esiregistravimu savaime sutinka, kad renginio organizatoriai visas renginio metu padarytas nuotraukas bei filmuot\u0105 med\u017eiag\u0105 laisvai ir be atskiro sutikimo naudot\u0173 rinkodaros tikslais, pvz., socialiniuose tinkluose, internetin\u0117je svetain\u0117je ir kt.<\/span><\/li>\n<\/ol>\n<\/div>\n<div class=\"x11i5rnm xat24cr x1mh8g0r x1vvkbs xtlvy1s\"><span style=\"color: #000000;\">.<\/span><\/div>\n<div class=\"x11i5rnm xat24cr x1mh8g0r x1vvkbs xtlvy1s\"><span style=\"color: #000000;\"><strong>BAIGIAMOSIOS NUOSTATOS<\/strong><\/span><br \/>\n<span style=\"color: #000000;\">B\u0117gimo var\u017eybas organizuoja V\u0161\u012e Maratomanija.<\/span><br \/>\n<span style=\"color: #000000;\">B\u0117gimo organizatoriai pasilieka teis\u0119, reikalui esant, keisti var\u017eyb\u0173 taisykles.<\/span><br \/>\n<span style=\"color: #000000;\">Kilus klausimams galite skambinti tel.: +370 615 32233 (Valdas). Taip pat galite ra\u0161yti elektroniniu pa\u0161tu <a href=\"mailto:maratomanija@gmail.com\"><span style=\"color: #0000ff;\">maratomanija@gmail.com<\/span><\/a><\/span><\/div>\n","protected":false},"excerpt":{"rendered":"<p>NUOSTATAI &#8222;ATGAL \u012e PRAEIT\u012e&#8221; \u2013 b\u0117gimas, kuriame istorija tampa dabartimi! \u0160io renginio i\u0161skirtinumas \u2013 visi apdovanojimai atkeliav\u0119 i\u0161 pra\u0117jusi\u0173 met\u0173 b\u0117gim\u0173. Medaliai, taur\u0117s ir prizai \u012fgyja antr\u0105 gyvenim\u0105 ir nauj\u0105 prasm\u0119 \u2013 jie ne tik primena ankstesnius renginius, bet ir tampa simboliu t\u0119stinumo bei b\u0117gik\u0173 bendruomen\u0117s ry\u0161io. \u010cia svarbiausia \u2013 ne trof\u0117j\u0173 naujumas, o pats [&hellip;]<\/p>\n","protected":false},"author":2,"featured_media":0,"parent":0,"menu_order":0,"comment_status":"closed","ping_status":"closed","template":"","meta":{"footnotes":""},"class_list":["post-1209","page","type-page","status-publish","hentry"],"_links":{"self":[{"href":"https:\/\/www.myrace.lt\/maratonadienis\/wp-json\/wp\/v2\/pages\/1209","targetHints":{"allow":["GET"]}}],"collection":[{"href":"https:\/\/www.myrace.lt\/maratonadienis\/wp-json\/wp\/v2\/pages"}],"about":[{"href":"https:\/\/www.myrace.lt\/maratonadienis\/wp-json\/wp\/v2\/types\/page"}],"author":[{"embeddable":true,"href":"https:\/\/www.myrace.lt\/maratonadienis\/wp-json\/wp\/v2\/users\/2"}],"replies":[{"embeddable":true,"href":"https:\/\/www.myrace.lt\/maratonadienis\/wp-json\/wp\/v2\/comments?post=1209"}],"version-history":[{"count":42,"href":"https:\/\/www.myrace.lt\/maratonadienis\/wp-json\/wp\/v2\/pages\/1209\/revisions"}],"predecessor-version":[{"id":1562,"href":"https:\/\/www.myrace.lt\/maratonadienis\/wp-json\/wp\/v2\/pages\/1209\/revisions\/1562"}],"wp:attachment":[{"href":"https:\/\/www.myrace.lt\/maratonadienis\/wp-json\/wp\/v2\/media?parent=1209"}],"curies":[{"name":"wp","href":"https:\/\/api.w.org\/{rel}","templated":true}]}}