{"id":1152,"date":"2025-07-02T18:25:56","date_gmt":"2025-07-02T15:25:56","guid":{"rendered":"https:\/\/www.myrace.lt\/maratonadienis\/?page_id=1152"},"modified":"2025-07-03T18:14:04","modified_gmt":"2025-07-03T15:14:04","slug":"nuostatai-mm25","status":"publish","type":"page","link":"https:\/\/www.myrace.lt\/maratonadienis\/nuostatai-mm25\/","title":{"rendered":"Nuostatai &#8211; MM25"},"content":{"rendered":"<p style=\"text-align: center;\"><span style=\"color: #000000; font-size: 28px;\"><strong>\u201eMM25 \u2013 Maratomanijos Meetas 2025\u201c<\/strong><\/span><\/p>\n<p>&nbsp;<\/p>\n<p style=\"text-align: center;\"><strong><span style=\"color: #000000; font-size: 24px;\">NUOSTATAI<\/span><\/strong><\/p>\n<p style=\"text-align: center;\"><em><span style=\"color: #000000; font-size: 20px;\">MM25 \u2013 \u00a0tai Maratomanijos b\u0117gimo klubo vasaros \u0161vent\u0117. O kokia gi b\u0117gimo \u0161vent\u0117 be jo didenyb\u0117s Maratono?<\/span><\/em><\/p>\n<p>&nbsp;<\/p>\n<p><span style=\"font-size: 20px;\"><strong><span style=\"color: #000000;\">STARTO VIETA ir LAIKAS:<\/span><\/strong><\/span><br \/>\n<span style=\"color: #000000; font-size: 20px;\">Startas: 2025-07-19 10.00 val.<\/span><br \/>\n<span style=\"color: #000000; font-size: 20px;\">Vieta &#8211; Karali\u0161kiai, Ukmerg\u0117s raj. sodyba &#8222;Tat\u00a0 Tvam Asi&#8221; (Tuo Tu Esi) :\u00a0<\/span><strong><span style=\"font-size: 20px;\"><a href=\"https:\/\/www.tuotuesi.lt\/\">https:\/\/www.tuotuesi.lt\/<\/a><\/span><\/strong><\/p>\n<p><span style=\"color: #000000; font-size: 20px;\">ATVYKIMAS:<a href=\"https:\/\/bit.ly\/40AmCw1\"> Spausti \u010dia<\/a>\u00a0<\/span><\/p>\n<p><span style=\"font-size: 20px;\">Google maps<\/span>: <a href=\"https:\/\/bit.ly\/40AmCw1\">https:\/\/bit.ly\/40AmCw1<\/a><\/p>\n<p>&nbsp;<\/p>\n<p><span style=\"color: #000000; font-size: 20px;\"><strong>TRASA:<\/strong><\/span><br \/>\n<span style=\"color: #000000; font-size: 20px;\">Trasa &#8211; 5,3 km ratas.<\/span><br \/>\n<span style=\"color: #000000; font-size: 20px;\">Danga &#8211; mi\u0161ko ir piev\u0173 takai, \u017evyrkelis.<\/span><\/p>\n<p>&nbsp;<\/p>\n<p><span style=\"color: #000000; font-size: 20px;\"><strong>DISTANCIJOS:<\/strong><\/span><br \/>\n<span style=\"color: #000000; font-size: 20px;\">Jo didenyb\u0117 Ponas Maratonas!<\/span><br \/>\n<span style=\"color: #000000; font-size: 20px;\">8 ratai po 5,275\u00a0 km (\u223c5.3 km).<\/span><br \/>\n<span style=\"color: #000000; font-size: 20px;\">Bus skai\u010diuojamas kiekvienas dalyvio \u012fveiktas ratas ir jo laikas.<\/span><\/p>\n<p>&nbsp;<\/p>\n<p><span style=\"color: #000000; font-size: 20px;\"><strong>DALYVIAI ir STARTINIS MOKESTIS:<\/strong><\/span><br \/>\n<em><span style=\"color: #000000; font-size: 20px;\">Registracijos mokestis: registracijos mokes\u010dio n\u0117ra. <\/span><\/em><\/p>\n<p>&nbsp;<\/p>\n<p><span style=\"color: #000000; font-size: 20px;\"><strong>APDOVANOJIMAI:<\/strong><\/span><br \/>\n<span style=\"color: #000000; font-size: 20px;\">Visi dalyviai\u00a0 fini\u0161e gaus \u0161ventin\u012f atminimo medal\u012f.<\/span><\/p>\n<p><span style=\"font-size: 20px; color: #000000;\">Medalio kaina &#8211; 5\u20ac.<\/span><\/p>\n<p>&nbsp;<\/p>\n<p><span style=\"color: #000000; font-size: 20px;\"><strong>DALYVI\u0172 REGISTRAVIMAS IR NUMERI\u0172 I\u0160DAVIMAS:<\/strong><\/span><br \/>\n<span style=\"color: #000000; font-size: 20px;\">Norintys b\u0117gte at\u0161v\u0119sti Maratomanijos klubie\u010di\u0173 vasaros \u0161vent\u0117s b\u0117gime registruojasi :<\/span><br \/>\n<span style=\"color: #000000; font-size: 20px;\"><strong><a style=\"color: #000000;\" href=\"https:\/\/l.facebook.com\/l.php?u=https%3A%2F%2Fwww.maratonai.lt%2Fregistracija%2Fmaratonadienis%2F%3Ffbclid%3DIwAR3KN1GfJyAAqO3MN5_VL9STG7LaPhr2HMG3OpjooxG8okA8ment2MB4zsc&amp;h=AT3PjUS9xb11wQVDJuBEiewee96jwGZqvzU-upzs0yF51zNVTFUv23HPF4pe24kaOvAsMAa8u3qHA1eue20bW-qwFXiyFbm0b50MH8SxbMD4qLEpMPvSNr41Voff4u7p-KFl&amp;__tn__=q&amp;c%5b0%5d=AT2kWtHkf-2HguHSv7STCShcfAIIRpNtFh0fps08YHXfxbmZsjKaQJeXQp54l8wMykHJC5afJSHDLSiW0hZMeLVRiH1SWWogk1iwqNROYlImsr03Si9kuRFS7f77bXRD7Vu4huKkC9MN8_xw4sdY5imM\">https:\/\/www.myrace.lt\/maratonadienis\/<\/a><\/strong><\/span><\/p>\n<p><span style=\"color: #000000; font-size: 20px;\">Numeriai bus i\u0161duodami starto vietoje.<\/span><\/p>\n<p>&nbsp;<\/p>\n<p><span style=\"color: #000000; font-size: 20px;\"><strong>EIGA, REZULTAT\u0172 FIKSAVIMAS:<\/strong><\/span><br \/>\n<span style=\"color: #000000; font-size: 20px;\">Trasoje bus \u012frengta vandens ir maitinimo stotel\u0117, kurioje dalyviams bus dalinami g\u0117rimai \u2013 vanduo, Cola, Izotonikas, gaivieji g\u0117rimai, vaisiai, sausainiai, u\u017ekand\u017eiai.<\/span><br \/>\n<span style=\"color: #000000; font-size: 20px;\">Tras\u0173 \u012fveikimo rezultatai bus \u012ftraukti \u012f b\u0117gimo protokol\u0105 ir paskelbti internetiniame <a href=\"https:\/\/www.myrace.lt\/maratonadienis\/\">www.myrace.lt\/maratonadienis<\/a> puslapyje.<\/span><\/p>\n<p>&nbsp;<\/p>\n<p><span style=\"font-size: 20px;\"><strong><span style=\"color: #000000;\">ORGANIZATORIAI:<\/span><\/strong><\/span><br \/>\n<span style=\"color: #000000; font-size: 20px;\">B\u0117gimo klubas &#8222;Maratomanija&#8221;<\/span><\/p>\n<p><span style=\"color: #000000; font-size: 20px;\">Turint klausim\u0173 galima kreiptis tel.nr. +370 615 32233 &#8211; Valdas arba ra\u0161yti el.p. maratomanija@gmail.com<\/span><\/p>\n<p>&nbsp;<\/p>\n","protected":false},"excerpt":{"rendered":"<p>\u201eMM25 \u2013 Maratomanijos Meetas 2025\u201c &nbsp; NUOSTATAI MM25 \u2013 \u00a0tai Maratomanijos b\u0117gimo klubo vasaros \u0161vent\u0117. O kokia gi b\u0117gimo \u0161vent\u0117 be jo didenyb\u0117s Maratono? &nbsp; STARTO VIETA ir LAIKAS: Startas: 2025-07-19 10.00 val. Vieta &#8211; Karali\u0161kiai, Ukmerg\u0117s raj. sodyba &#8222;Tat\u00a0 Tvam Asi&#8221; (Tuo Tu Esi) :\u00a0https:\/\/www.tuotuesi.lt\/ ATVYKIMAS: Spausti \u010dia\u00a0 Google maps: https:\/\/bit.ly\/40AmCw1 &nbsp; TRASA: Trasa [&hellip;]<\/p>\n","protected":false},"author":2,"featured_media":0,"parent":0,"menu_order":0,"comment_status":"closed","ping_status":"closed","template":"","meta":{"footnotes":""},"class_list":["post-1152","page","type-page","status-publish","hentry"],"_links":{"self":[{"href":"https:\/\/www.myrace.lt\/maratonadienis\/wp-json\/wp\/v2\/pages\/1152","targetHints":{"allow":["GET"]}}],"collection":[{"href":"https:\/\/www.myrace.lt\/maratonadienis\/wp-json\/wp\/v2\/pages"}],"about":[{"href":"https:\/\/www.myrace.lt\/maratonadienis\/wp-json\/wp\/v2\/types\/page"}],"author":[{"embeddable":true,"href":"https:\/\/www.myrace.lt\/maratonadienis\/wp-json\/wp\/v2\/users\/2"}],"replies":[{"embeddable":true,"href":"https:\/\/www.myrace.lt\/maratonadienis\/wp-json\/wp\/v2\/comments?post=1152"}],"version-history":[{"count":13,"href":"https:\/\/www.myrace.lt\/maratonadienis\/wp-json\/wp\/v2\/pages\/1152\/revisions"}],"predecessor-version":[{"id":1196,"href":"https:\/\/www.myrace.lt\/maratonadienis\/wp-json\/wp\/v2\/pages\/1152\/revisions\/1196"}],"wp:attachment":[{"href":"https:\/\/www.myrace.lt\/maratonadienis\/wp-json\/wp\/v2\/media?parent=1152"}],"curies":[{"name":"wp","href":"https:\/\/api.w.org\/{rel}","templated":true}]}}