{"id":586,"date":"2020-12-08T19:16:54","date_gmt":"2020-12-08T21:16:54","guid":{"rendered":"https:\/\/www.myrace.lt\/klajoklis\/?page_id=586"},"modified":"2021-05-14T16:24:51","modified_gmt":"2021-05-14T18:24:51","slug":"nuostatai13","status":"publish","type":"page","link":"https:\/\/www.myrace.lt\/klajoklis\/nuostatai\/nuostatai13\/","title":{"rendered":"Klajoklio maratonas #13: Anyk\u0161\u010diai (Nuostatai)"},"content":{"rendered":"<p style=\"text-align: center;\"><strong><span style=\"font-size: 18pt;\">KLAJOKLIO MARATONAS #13: ANYK\u0160\u010cIAI<\/span><\/strong><\/p>\n<p style=\"text-align: center;\"><strong><span style=\"font-size: 18pt;\">NUOSTATAI<\/span><\/strong><\/p>\n<p><strong>I. BENDROJI DALIS<\/strong><br \/>\nMaratonas KLAJOKLIS \u2013 tai maratonas klajojantis per visas gra\u017eiausias Lietuvos vietas.<br \/>\nKLAJOKLIO maratonas #13 atidarys 2021 met\u0173 sezon\u0105 ir \u012fvyks vienoje gra\u017eiausi\u0173 Lietuvos viet\u0173 &#8211; Anyk\u0161\u010diuose.<\/p>\n<p>LAJOKLIO maratonas #13 atidarys 2021 met\u0173 sezon\u0105 ir \u012fvyks vienoje gra\u017eiausi\u0173 Lietuvos viet\u0173 &#8211; Anyk\u0161\u010diuose.<br \/>\nAnyk\u0161\u010diai &#8211; tai vieta kuri\u0105 kievienas lietuvis nors kart\u0105 per gyvenim\u0105 turi aplankyti. Labirint\u0173 parkas, Arklio muziejus, \u0160ventosios pa\u017eintinis takas, Senov\u0117s skult\u016br\u0173 parkas, Basakoj\u0173 takas, Med\u017ei\u0173 laj\u0173 takas, Puntuko akmuo, Laim\u0117s \u0161vyturys, Anyk\u0161\u010di\u0173 ba\u017eny\u010dia&#8230;<\/p>\n<p><strong>II. TIKSLAI IR U\u017dDAVINIAI<\/strong><br \/>\n1. Populiarinti maraton\u0173 b\u0117gimo kult\u016br\u0105 Lietuvoje.<br \/>\n2. Per b\u0117gim\u0105 susipa\u017einti su gra\u017eiausiomis Lietuvos vietomis.<br \/>\n3. \u012eveikti piln\u0105 maratono tras\u0105 (bet pagal pasiruo\u0161im\u0105 bus galima b\u0117gti ir trumpesn\u0119 distancij\u0105 &#8211; 35km, 28km, pus\u0119 maratono, 14km, 7km ar &#8222;klajokliuko&#8221; distancij\u0105 (1km) )..<br \/>\n4. Pl\u0117sti ilg\u0173 distancij\u0173 b\u0117gik\u0173 bendruomen\u0119.<\/p>\n<p><strong>III. RENGINIO ORGANIZATORI\u0172 ATSAKOMYB\u0116 IR PAREIGOS<\/strong><br \/>\n1. Registruoti renginio dalyvius, pagaminti ir i\u0161duoti numerius.<br \/>\n2. I\u0161matuoti tras\u0105 bei techni\u0161kai paruo\u0161ti j\u0105 var\u017eyboms.<br \/>\n3. U\u017efiksuoti dalyvi\u0173 b\u0117gimo rezultatus ir juos u\u017eprotokoluoti.<\/p>\n<p><strong>IV. VAR\u017dYB\u0172 VIETA, LAIKAS IR NUOTOLIAI<\/strong><br \/>\nStartas \u2013 2021 m. gegu\u017e\u0117s 16d. 10.00val.<br \/>\nVar\u017eyb\u0173 vieta &#8211; Anyk\u0161\u010di\u0173 regioninis parkas, \u0161alia Puntuko akmens ir Med\u017ei\u0173 laj\u0173 tako.<br \/>\nAdresas: Dvaroni\u0173 k. 5, Anyk\u0161\u010diai<\/p>\n<div class=\"kvgmc6g5 cxmmr5t8 oygrvhab hcukyx3x c1et5uql ii04i59q\">\n<div dir=\"auto\">&#8222;Klajoklio&#8221; distancijos (maratonas, 35km, 28km, pusmaratonis, 14km, 7km) startas &#8211; 10val.<\/div>\n<div dir=\"auto\">&#8222;Klajokliuko&#8221; distancijos (1km) startas &#8211; 13val.<\/div>\n<div dir=\"auto\">Numeriai bus pradedami dalinti nuo 8.30.<\/div>\n<div dir=\"auto\">B\u0117gik\u0173 ap\u0161limas &#8211; 9.50. (neap\u0161il\u0119 b\u0117gikai nebus prileid\u017eiami prie starto <span class=\"pq6dq46d tbxw36s4 knj5qynh kvgmc6g5 ditlmg2l oygrvhab nvdbi5me sf5mxxl7 gl3lb2sf hhz5lgdu\"><img loading=\"lazy\" decoding=\"async\" src=\"https:\/\/static.xx.fbcdn.net\/images\/emoji.php\/v9\/t29\/1.5\/16\/1f602.png\" alt=\"\ud83d\ude02\" width=\"16\" height=\"16\" \/><\/span>)<\/div>\n<div dir=\"auto\">Starto vieta &#8211; Med\u017ei\u0173 laj\u0173 takas.<\/div>\n<div dir=\"auto\">B\u0117gsime ratais po 7km.<\/div>\n<div dir=\"auto\">Bus du vandens ir pasistiprinimo punktai. Starte ir pusiaukel\u0117je.<\/div>\n<div dir=\"auto\">Fini\u0161avus visi b\u0117gikai gaus medalius ir fini\u0161o krep\u0161elius.<\/div>\n<\/div>\n<p><strong>V. TRASA IR LAIKO LIMITAS<\/strong><br \/>\nTrasa bus pa\u017eym\u0117ta spec. \u017eenklinimu.<br \/>\nTrasos danga \u2013\u00a0 lauko ir mi\u0161ko keliukai, asfaltas.<br \/>\nLaiko limitas &#8211; 6val. maratonui. Kitoms distancijoms laiko limitas netaikomas.<\/p>\n<p><strong>VI. DALYVIAI<\/strong><br \/>\n1.Var\u017eybose gali dalyvauti b\u0117gikai u\u017esiregistrav\u0119, pasitikrin\u0119 sveikat\u0105 ir susipa\u017ein\u0119 su b\u0117gimo nuostatais. Visi dalyviai b\u0117gime dalyvauja laisva valia ir niekieno never\u010diami ir prisiima vis\u0105 su dalyvavimu b\u0117gime susijusi\u0105 (tame tarpe su \u012fvairiais sveikatos sutrikimais ir pan.) rizik\u0105 bei \u012fsipareigoja d\u0117l to nereik\u0161ti renginio organizatoriams joki\u0173 pretenzij\u0173.<br \/>\n2. U\u017e jaunesnius nei 18 met\u0173 dalyvius vis\u0105 atsakomyb\u0119 prisiima j\u0173 t\u0117vai, treneriai arba glob\u0117jai.<\/p>\n<p><strong>VII. SPECIALIOS S\u0104LYGOS IR APRIBOJIMA<\/strong>I<br \/>\n1. Registruotis \u012f b\u0117gim\u0105 galima tik savo vardu. Savo numer\u012f perduoti kitam dalyviui draud\u017eiama. Tokiu atveju dalyviai bus diskvalifikuojami, o rezultatai \u012f var\u017eyb\u0173 protokol\u0105 ne\u012ftraukiami.<br \/>\n2. Kiekvienas dalyvis var\u017eybose privalo tur\u0117ti ant mar\u0161kin\u0117li\u0173 tvarkingai pritvirtint\u0105 numer\u012f. Numeris turi b\u016bti ant mar\u0161kin\u0117li\u0173 priekio (kr\u016btin\u0117s), ai\u0161kiai matomoje vietoje .<br \/>\n3. Var\u017eyb\u0173 dalyviams nors kiek nukrypti nuo b\u0117gimo trasos yra draud\u017eiama. Dalyviai, pa\u017eeid\u0119 \u0161i\u0105 taisykl\u0119, bus diskvalifikuojami.<br \/>\n4. Var\u017eyb\u0173 organizatoriai neatsako u\u017e dalyvi\u0173 sveikat\u0105 ar sveikatos sutrikimus, patirtus b\u0117gimo metu. Dalyviai privalo pasitikrinti sveikat\u0105.<br \/>\n5. Kiekvienas dalyvis u\u017esiregistruodamas savaime sutinka, kad renginio organizatoriai visas renginio metu padarytas nuotraukas bei filmuot\u0105 med\u017eiag\u0105 gali laisvai, be atskiro sutikimo, naudoti rinkodaros tikslais.<\/p>\n<p><strong>VIII. SPECIAL\u016aS PUNKTAI TRASOJE<\/strong><br \/>\nTrasoje bus \u012frengta vandens stotel\u0117s ir maitinimo punktas kuriuose var\u017eyb\u0173 metu dalyviai gal\u0117s atsigaivinti vandeniu, Cola, ir pasistiprinti vaisiais, sausainiais, u\u017ekand\u017eiais.<\/p>\n<p><strong>IX. APDOVANOJIMAI<\/strong><br \/>\nVisiems dalyviams, nuo pa\u010dio ma\u017eiausio iki vyriausio, bus \u012fteikti vienetiniai, lieti metaliniai, tik \u0161iam renginiui skirti atminimo medaliai.<\/p>\n<p><em><strong>Apdovanojim\u0173 laikas:<\/strong><\/em><\/p>\n<div class=\"kvgmc6g5 cxmmr5t8 oygrvhab hcukyx3x c1et5uql ii04i59q\">\n<div dir=\"auto\"><strong>7km<\/strong> &#8211; 11.30 (arba kai fini\u0161uos paskutinis prizininkas, kuris gali b\u0117gti ir ilgesn\u0119 distancij\u0105)<\/div>\n<div dir=\"auto\"><strong>Pusmaratonis<\/strong> &#8211; 12.30 (arba kai fini\u0161uos paskutinis prizininkas, kuris gali b\u0117gti ir ilgesn\u0119 distancij\u0105)<\/div>\n<div dir=\"auto\"><strong>Maratonas<\/strong> &#8211; 14.30 (arba kai fini\u0161uos paskutinis prizininkas)<\/div>\n<\/div>\n<div class=\"o9v6fnle cxmmr5t8 oygrvhab hcukyx3x c1et5uql ii04i59q\">\n<div dir=\"auto\"><\/div>\n<\/div>\n<p><strong>X. DALYVI\u0172 STARTINIS MOKESTIS<\/strong><br \/>\nStartinis mokestis:<br \/>\n&#8222;Klajoklio&#8221; distancija &#8211; 15Eur (iki 03.03)<br \/>\nNuo kovo 03d. &#8211; 16\u20ac iki 50 dalyvio.<br \/>\n51-70 dalyvis &#8211; 17\u20ac<br \/>\n71-90 dalyvis &#8211; 18\u20ac.<br \/>\n91-&#8230; dalyvis &#8211; 19\u20ac<br \/>\nRenginio dien\u0105 &#8211; 25\u20ac<br \/>\n&#8222;Klajokliuko&#8221; distancija (1km) &#8211; 10Eur.<br \/>\nRenginio dien\u0105 &#8211; 13\u20ac.<br \/>\nDalyvio startinis mokestis gr\u0105\u017einamas tik var\u017eyb\u0173 at\u0161aukimo atveju.<\/p>\n<p><strong>XI. DALYVI\u0172 REGISTRAVIMAS IR NUMERI\u0172 I\u0160DAVIMAS<\/strong><br \/>\nDalyvi\u0173 registracija vykdoma:<\/p>\n<p><a href=\"https:\/\/tickets.paysera.com\/lt-LT\/event\/maratonas-klajoklis-13\" target=\"_blank\" rel=\"noopener noreferrer\">REGISTRACIJA<\/a><\/p>\n<p>REGISTRACIJA U\u017dDAROMA 2021-05-15 11.00. V\u0117liau bus galima registruotis starto vietoje esant laisv\u0173 viet\u0173. Starto vietoje registracija brangesn\u0117!<\/p>\n<p><strong>XIII. BAIGIAMOSIOS NUOSTATOS<\/strong><br \/>\nB\u0117gimo var\u017eybas organizuoja V\u0161\u012e \u201eMaratomanija\u201c.<br \/>\nB\u0117gimo organizatoriai pasilieka teis\u0119, reikalui esant, keisti var\u017eyb\u0173 taisykles.<br \/>\nKilus klausimams galite skambinti tel.: +370 615 32233 (Valdas). Taip pat galite ra\u0161yti elektroniniu pa\u0161tu maratomanija@gmail.com<\/p>\n","protected":false},"excerpt":{"rendered":"<p>KLAJOKLIO MARATONAS #13: ANYK\u0160\u010cIAI NUOSTATAI I. BENDROJI DALIS Maratonas KLAJOKLIS \u2013 tai maratonas klajojantis per visas gra\u017eiausias Lietuvos vietas. KLAJOKLIO maratonas #13 atidarys 2021 met\u0173 sezon\u0105 ir \u012fvyks vienoje gra\u017eiausi\u0173 Lietuvos viet\u0173 &#8211; Anyk\u0161\u010diuose. LAJOKLIO maratonas #13 atidarys 2021 met\u0173 sezon\u0105 ir \u012fvyks vienoje gra\u017eiausi\u0173 Lietuvos viet\u0173 &#8211; Anyk\u0161\u010diuose. Anyk\u0161\u010diai &#8211; tai vieta kuri\u0105 kievienas [&hellip;]<\/p>\n","protected":false},"author":2,"featured_media":0,"parent":16,"menu_order":0,"comment_status":"closed","ping_status":"closed","template":"","meta":{"footnotes":""},"class_list":["post-586","page","type-page","status-publish","hentry"],"_links":{"self":[{"href":"https:\/\/www.myrace.lt\/klajoklis\/wp-json\/wp\/v2\/pages\/586","targetHints":{"allow":["GET"]}}],"collection":[{"href":"https:\/\/www.myrace.lt\/klajoklis\/wp-json\/wp\/v2\/pages"}],"about":[{"href":"https:\/\/www.myrace.lt\/klajoklis\/wp-json\/wp\/v2\/types\/page"}],"author":[{"embeddable":true,"href":"https:\/\/www.myrace.lt\/klajoklis\/wp-json\/wp\/v2\/users\/2"}],"replies":[{"embeddable":true,"href":"https:\/\/www.myrace.lt\/klajoklis\/wp-json\/wp\/v2\/comments?post=586"}],"version-history":[{"count":24,"href":"https:\/\/www.myrace.lt\/klajoklis\/wp-json\/wp\/v2\/pages\/586\/revisions"}],"predecessor-version":[{"id":826,"href":"https:\/\/www.myrace.lt\/klajoklis\/wp-json\/wp\/v2\/pages\/586\/revisions\/826"}],"up":[{"embeddable":true,"href":"https:\/\/www.myrace.lt\/klajoklis\/wp-json\/wp\/v2\/pages\/16"}],"wp:attachment":[{"href":"https:\/\/www.myrace.lt\/klajoklis\/wp-json\/wp\/v2\/media?parent=586"}],"curies":[{"name":"wp","href":"https:\/\/api.w.org\/{rel}","templated":true}]}}