{"id":495,"date":"2020-07-21T19:05:24","date_gmt":"2020-07-21T21:05:24","guid":{"rendered":"https:\/\/www.myrace.lt\/klajoklis\/?page_id=495"},"modified":"2021-11-04T19:00:40","modified_gmt":"2021-11-04T21:00:40","slug":"suvestine","status":"publish","type":"page","link":"https:\/\/www.myrace.lt\/klajoklis\/suvestine\/","title":{"rendered":"&#8222;KLAJOKLIO&#8221; dalyvi\u0173 suvestin\u0117"},"content":{"rendered":"<!DOCTYPE html PUBLIC \"-\/\/W3C\/\/DTD XHTML 1.0 Transitional\/\/EN\" \"http:\/\/www.w3.org\/TR\/xhtml1\/DTD\/xhtml1-transitional.dtd\">\n<html xmlns=\"http:\/\/www.w3.org\/1999\/xhtml\">\n<head>\n\t<meta http-equiv=\"Content-Type\" content=\"text\/html; charset=utf-8\">\t<meta http-equiv=\"Content-Type\" content=\"text\/html; charset=utf-8\">\n\t<link rel=\"stylesheet\" type=\"text\/css\" href=\"\/registravimas\/tools\/styles.css\" \/>\n<\/head>\n\t<script type=\"text\/javascript\">\n\t\tfunction tikmaratonai() {document.location.href = \"https:\/\/www.myrace.lt\/klajoklis\/suvestine\/?maratonai\";}\n\t<\/script>\n\n\n\t<table class=\"pasirinkti\">\n\t\t<tr style=\"background-color: transparent;\">\n\t\t\t<td width=\"500px\"><form name=\"f_summary\">Pasirinkite suvestin\u0119: <select style=\"width: 220px\" id=\"filtrai\" onchange=\"summary()\"><option value=\"0\">Vis\u0173 laik\u0173 KLAJOKLIAI<\/option><option value=\"2020\">KLAJOKLIS - 2020<\/option><option value=\"2021\">KLAJOKLIS - 2021<\/option><option value=\"2022\">KLAJOKLIS - 2022<\/option><option value=\"2023\">KLAJOKLIS - 2023<\/option><option value=\"2024\">KLAJOKLIS - 2024<\/option><option value=\"2025\">KLAJOKLIS - 2025<\/option><option value=\"2026\" selected=\"selected\">KLAJOKLIS - 2026<\/option><\/select>\n\t<\/form>\n\t<script type=\"text\/javascript\">function summary() {filtras=document.f_summary.filtrai.value;document.location.href = \"?summary=\" + filtras;}\n\t<\/script><\/td>\n\t\t\t<td>\n\t\t\t\t<form action=\"\">\n\t\t\t\t\t<input type=\"checkbox\" name=\"maratonas\" checked=\"checked\" OnClick=\"tikmaratonai()\">&nbsp;tik maratonai\n\t\t\t\t<\/form>\n\t\t\t<\/td>\n\t\t\t<td style=\"text-align: center;\"><b><a href=\"https:\/\/www.myrace.lt\/klajoklis\/rezultatai\/\">MARATON\u0172 \"KLAJOKLIS\" REZULTATAI<a\/><\/b><\/td>\n\t\t<\/tr>\n\t<\/table><div style=\"overflow-x:auto;\"><table class=\"rezai\" width=\"1024px\" border=\"1\" cellspacing=\"0\" cellpadding=\"2\"><tr class=\"rezai\"><th width=\"40px\"><a href=\"?sort=id\">Eil.<br\/>Nr.<\/a><\/th><th width=\"70px\"><a href=\"?sort=vardas\">Vardas<\/a><\/th><th width=\"70px\"><a href=\"?sort=pavarde\">Pavard\u0117<\/a><\/th><th width=\"40px\"><a href=\"?sort=lytis\">Lytis<\/a><\/th><th width=\"50px\"><a href=\"?sort=gimimo\">Gimimo<br\/>metai<\/a><\/th><th width=\"50px\"><a href=\"?sort=salis\">\u0160alis<\/a><\/th><th width=\"40px\"><a href=\"?sort=iveikta\">\u012eveikta<br\/>maraton\u0173<\/a><\/th><th width=\"150px\">Rezultatai<\/th><th width=\"50px\">Viso b\u0117gta<br\/>val.<\/th><th width=\"50px\">Viso nub\u0117gta<br\/>km<\/th><th width=\"50px\">Vieno mar.<br\/>vidurkis<\/th><\/tr><tr class=\"meniuoff\" onmouseover=\"className=&quot;meniuon&quot;\" onmouseout=\"className=&quot;meniuoff&quot;\"><td>1.<\/td><td style=\"text-align: right; padding-right: 10px;\" class=\"sarasas\" width=\"40px\">Ernestas<\/td><td style=\"text-align: left; padding-left: 10px;\" class=\"sarasas\" width=\"70px\">Vedeikis<\/td><td class=\"sarasas\" width=\"70px\">V<\/td><td class=\"sarasas\" width=\"40px\">56<\/td><td class=\"sarasas\" width=\"50px\">LTU<\/td><td class=\"sarasas\" width=\"50px\">2<\/td><td style=\"text-align: left; padding-left: 10px;\" class=\"sarasas\" width=\"40px\"><span style=\"color: #8B008B;\">#25:<\/span> 3:19:27<span style=\"color: red;\"> - 42.195 km <\/span><br\/><span style=\"color: #8B008B;\">#26:<\/span> 3:47:10<span style=\"color: red;\"> - 42.195 km <\/span><br\/><\/td><td class=\"sarasas\" width=\"150px\">07:06:37<\/td><td class=\"sarasas\" width=\"50px\">84.39<\/td><td class=\"sarasas\" width=\"50px\">03:33:18<\/td><\/tr><tr class=\"meniuoff\" onmouseover=\"className=&quot;meniuon&quot;\" onmouseout=\"className=&quot;meniuoff&quot;\"><td>2.<\/td><td style=\"text-align: right; padding-right: 10px;\" class=\"sarasas\" width=\"40px\">Svaj\u016bnas<\/td><td style=\"text-align: left; padding-left: 10px;\" class=\"sarasas\" width=\"70px\">Beleckis<\/td><td class=\"sarasas\" width=\"70px\">V<\/td><td class=\"sarasas\" width=\"40px\">44<\/td><td class=\"sarasas\" width=\"50px\">LTU<\/td><td class=\"sarasas\" width=\"50px\">2<\/td><td style=\"text-align: left; padding-left: 10px;\" class=\"sarasas\" width=\"40px\"><span style=\"color: #8B008B;\">#25:<\/span> 4:20:02<span style=\"color: red;\"> - 42.195 km <\/span><br\/><span style=\"color: #8B008B;\">#26:<\/span> 4:22:32<span style=\"color: red;\"> - 42.195 km <\/span><br\/><\/td><td class=\"sarasas\" width=\"150px\">08:42:34<\/td><td class=\"sarasas\" width=\"50px\">84.39<\/td><td class=\"sarasas\" width=\"50px\">04:21:17<\/td><\/tr><tr class=\"meniuoff\" onmouseover=\"className=&quot;meniuon&quot;\" onmouseout=\"className=&quot;meniuoff&quot;\"><td>3.<\/td><td style=\"text-align: right; padding-right: 10px;\" class=\"sarasas\" width=\"40px\">Valdas<\/td><td style=\"text-align: left; padding-left: 10px;\" class=\"sarasas\" width=\"70px\">\u0160mai\u017eys<\/td><td class=\"sarasas\" width=\"70px\">V<\/td><td class=\"sarasas\" width=\"40px\">52<\/td><td class=\"sarasas\" width=\"50px\">LTU<\/td><td class=\"sarasas\" width=\"50px\">2<\/td><td style=\"text-align: left; padding-left: 10px;\" class=\"sarasas\" width=\"40px\"><span style=\"color: #8B008B;\">#25:<\/span> 4:22:11<span style=\"color: red;\"> - 42.195 km <\/span><br\/><span style=\"color: #8B008B;\">#26:<\/span> 4:58:11<span style=\"color: red;\"> - 42.195 km <\/span><br\/><\/td><td class=\"sarasas\" width=\"150px\">09:20:22<\/td><td class=\"sarasas\" width=\"50px\">84.39<\/td><td class=\"sarasas\" width=\"50px\">04:40:11<\/td><\/tr><tr class=\"meniuoff\" onmouseover=\"className=&quot;meniuon&quot;\" onmouseout=\"className=&quot;meniuoff&quot;\"><td>4.<\/td><td style=\"text-align: right; padding-right: 10px;\" class=\"sarasas\" width=\"40px\">\u017dilvinas<\/td><td style=\"text-align: left; padding-left: 10px;\" class=\"sarasas\" width=\"70px\">Meldaikis<\/td><td class=\"sarasas\" width=\"70px\">V<\/td><td class=\"sarasas\" width=\"40px\">48<\/td><td class=\"sarasas\" width=\"50px\">LTU<\/td><td class=\"sarasas\" width=\"50px\">2<\/td><td style=\"text-align: left; padding-left: 10px;\" class=\"sarasas\" width=\"40px\"><span style=\"color: #8B008B;\">#25:<\/span> 4:41:39<span style=\"color: red;\"> - 42.195 km <\/span><br\/><span style=\"color: #8B008B;\">#26:<\/span> 4:31:58<span style=\"color: red;\"> - 42.195 km <\/span><br\/><\/td><td class=\"sarasas\" width=\"150px\">09:13:37<\/td><td class=\"sarasas\" width=\"50px\">84.39<\/td><td class=\"sarasas\" width=\"50px\">04:36:48<\/td><\/tr><tr class=\"meniuoff\" onmouseover=\"className=&quot;meniuon&quot;\" onmouseout=\"className=&quot;meniuoff&quot;\"><td>5.<\/td><td style=\"text-align: right; padding-right: 10px;\" class=\"sarasas\" width=\"40px\">Lina<\/td><td style=\"text-align: left; padding-left: 10px;\" class=\"sarasas\" width=\"70px\">Abromaityt\u0117 - \u0160mai\u017e\u0117<\/td><td class=\"sarasas\" width=\"70px\">M<\/td><td class=\"sarasas\" width=\"40px\">47<\/td><td class=\"sarasas\" width=\"50px\">LTU<\/td><td class=\"sarasas\" width=\"50px\">2<\/td><td style=\"text-align: left; padding-left: 10px;\" class=\"sarasas\" width=\"40px\"><span style=\"color: #8B008B;\">#25:<\/span> 5:38:23<span style=\"color: red;\"> - 42.195 km <\/span><br\/><span style=\"color: #8B008B;\">#26:<\/span> 5:14:04<span style=\"color: red;\"> - 42.195 km <\/span><br\/><\/td><td class=\"sarasas\" width=\"150px\">10:52:27<\/td><td class=\"sarasas\" width=\"50px\">84.39<\/td><td class=\"sarasas\" width=\"50px\">05:26:13<\/td><\/tr><tr class=\"meniuoff\" onmouseover=\"className=&quot;meniuon&quot;\" onmouseout=\"className=&quot;meniuoff&quot;\"><td>6.<\/td><td style=\"text-align: right; padding-right: 10px;\" class=\"sarasas\" width=\"40px\">Gerardas<\/td><td style=\"text-align: left; padding-left: 10px;\" class=\"sarasas\" width=\"70px\">Kvedaras<\/td><td class=\"sarasas\" width=\"70px\">V<\/td><td class=\"sarasas\" width=\"40px\">38<\/td><td class=\"sarasas\" width=\"50px\">LTU<\/td><td class=\"sarasas\" width=\"50px\">1<\/td><td style=\"text-align: left; padding-left: 10px;\" class=\"sarasas\" width=\"40px\"><span style=\"color: #8B008B;\">#25:<\/span> 3:23:52<span style=\"color: red;\"> - 42.195 km <\/span><br\/><\/td><td class=\"sarasas\" width=\"150px\">03:23:52<\/td><td class=\"sarasas\" width=\"50px\">42.195<\/td><td class=\"sarasas\" width=\"50px\">03:23:52<\/td><\/tr><tr class=\"meniuoff\" onmouseover=\"className=&quot;meniuon&quot;\" onmouseout=\"className=&quot;meniuoff&quot;\"><td>7.<\/td><td style=\"text-align: right; padding-right: 10px;\" class=\"sarasas\" width=\"40px\">Kestutis<\/td><td style=\"text-align: left; padding-left: 10px;\" class=\"sarasas\" width=\"70px\">Mikulenas<\/td><td class=\"sarasas\" width=\"70px\">V<\/td><td class=\"sarasas\" width=\"40px\">50<\/td><td class=\"sarasas\" width=\"50px\">LTU<\/td><td class=\"sarasas\" width=\"50px\">1<\/td><td style=\"text-align: left; padding-left: 10px;\" class=\"sarasas\" width=\"40px\"><span style=\"color: #8B008B;\">#25:<\/span> 4:08:48<span style=\"color: red;\"> - 42.195 km <\/span><br\/><\/td><td class=\"sarasas\" width=\"150px\">04:08:48<\/td><td class=\"sarasas\" width=\"50px\">42.195<\/td><td class=\"sarasas\" width=\"50px\">04:08:48<\/td><\/tr><tr class=\"meniuoff\" onmouseover=\"className=&quot;meniuon&quot;\" onmouseout=\"className=&quot;meniuoff&quot;\"><td>8.<\/td><td style=\"text-align: right; padding-right: 10px;\" class=\"sarasas\" width=\"40px\">Audrius<\/td><td style=\"text-align: left; padding-left: 10px;\" class=\"sarasas\" width=\"70px\">Jankauskas<\/td><td class=\"sarasas\" width=\"70px\">V<\/td><td class=\"sarasas\" width=\"40px\">55<\/td><td class=\"sarasas\" width=\"50px\">LTU<\/td><td class=\"sarasas\" width=\"50px\">1<\/td><td style=\"text-align: left; padding-left: 10px;\" class=\"sarasas\" width=\"40px\"><span style=\"color: #8B008B;\">#25:<\/span> 4:11:47<span style=\"color: red;\"> - 42.195 km <\/span><br\/><\/td><td class=\"sarasas\" width=\"150px\">04:11:47<\/td><td class=\"sarasas\" width=\"50px\">42.195<\/td><td class=\"sarasas\" width=\"50px\">04:11:47<\/td><\/tr><tr class=\"meniuoff\" onmouseover=\"className=&quot;meniuon&quot;\" onmouseout=\"className=&quot;meniuoff&quot;\"><td>9.<\/td><td style=\"text-align: right; padding-right: 10px;\" class=\"sarasas\" width=\"40px\">Raminta<\/td><td style=\"text-align: left; padding-left: 10px;\" class=\"sarasas\" width=\"70px\">Gaul\u0117<\/td><td class=\"sarasas\" width=\"70px\">M<\/td><td class=\"sarasas\" width=\"40px\">41<\/td><td class=\"sarasas\" width=\"50px\">LTU<\/td><td class=\"sarasas\" width=\"50px\">1<\/td><td style=\"text-align: left; padding-left: 10px;\" class=\"sarasas\" width=\"40px\"><span style=\"color: #8B008B;\">#25:<\/span> 4:18:30<span style=\"color: red;\"> - 42.195 km <\/span><br\/><\/td><td class=\"sarasas\" width=\"150px\">04:18:30<\/td><td class=\"sarasas\" width=\"50px\">42.195<\/td><td class=\"sarasas\" width=\"50px\">04:18:30<\/td><\/tr><tr class=\"meniuoff\" onmouseover=\"className=&quot;meniuon&quot;\" onmouseout=\"className=&quot;meniuoff&quot;\"><td>10.<\/td><td style=\"text-align: right; padding-right: 10px;\" class=\"sarasas\" width=\"40px\">Kristina<\/td><td style=\"text-align: left; padding-left: 10px;\" class=\"sarasas\" width=\"70px\">Jusevi\u010dien\u0117<\/td><td class=\"sarasas\" width=\"70px\">M<\/td><td class=\"sarasas\" width=\"40px\">45<\/td><td class=\"sarasas\" width=\"50px\">LTU<\/td><td class=\"sarasas\" width=\"50px\">1<\/td><td style=\"text-align: left; padding-left: 10px;\" class=\"sarasas\" width=\"40px\"><span style=\"color: #8B008B;\">#25:<\/span> 4:22:11<span style=\"color: red;\"> - 42.195 km <\/span><br\/><\/td><td class=\"sarasas\" width=\"150px\">04:22:11<\/td><td class=\"sarasas\" width=\"50px\">42.195<\/td><td class=\"sarasas\" width=\"50px\">04:22:11<\/td><\/tr><tr class=\"meniuoff\" onmouseover=\"className=&quot;meniuon&quot;\" onmouseout=\"className=&quot;meniuoff&quot;\"><td>11.<\/td><td style=\"text-align: right; padding-right: 10px;\" class=\"sarasas\" width=\"40px\">Ram\u016bnas<\/td><td style=\"text-align: left; padding-left: 10px;\" class=\"sarasas\" width=\"70px\">Katkevi\u010dius<\/td><td class=\"sarasas\" width=\"70px\">V<\/td><td class=\"sarasas\" width=\"40px\">48<\/td><td class=\"sarasas\" width=\"50px\">LTU<\/td><td class=\"sarasas\" width=\"50px\">1<\/td><td style=\"text-align: left; padding-left: 10px;\" class=\"sarasas\" width=\"40px\"><span style=\"color: #8B008B;\">#25:<\/span> 4:46:01<span style=\"color: red;\"> - 42.195 km <\/span><br\/><\/td><td class=\"sarasas\" width=\"150px\">04:46:01<\/td><td class=\"sarasas\" width=\"50px\">42.195<\/td><td class=\"sarasas\" width=\"50px\">04:46:01<\/td><\/tr><tr class=\"meniuoff\" onmouseover=\"className=&quot;meniuon&quot;\" onmouseout=\"className=&quot;meniuoff&quot;\"><td>12.<\/td><td style=\"text-align: right; padding-right: 10px;\" class=\"sarasas\" width=\"40px\">Justina<\/td><td style=\"text-align: left; padding-left: 10px;\" class=\"sarasas\" width=\"70px\">Szczepanczyk<\/td><td class=\"sarasas\" width=\"70px\">M<\/td><td class=\"sarasas\" width=\"40px\">36<\/td><td class=\"sarasas\" width=\"50px\">LTU<\/td><td class=\"sarasas\" width=\"50px\">1<\/td><td style=\"text-align: left; padding-left: 10px;\" class=\"sarasas\" width=\"40px\"><span style=\"color: #8B008B;\">#26:<\/span> 4:01:21<span style=\"color: red;\"> - 42.195 km <\/span><br\/><\/td><td class=\"sarasas\" width=\"150px\">04:01:21<\/td><td class=\"sarasas\" width=\"50px\">42.195<\/td><td class=\"sarasas\" width=\"50px\">04:01:21<\/td><\/tr><tr class=\"meniuoff\" onmouseover=\"className=&quot;meniuon&quot;\" onmouseout=\"className=&quot;meniuoff&quot;\"><td>13.<\/td><td style=\"text-align: right; padding-right: 10px;\" class=\"sarasas\" width=\"40px\">Egidijus<\/td><td style=\"text-align: left; padding-left: 10px;\" class=\"sarasas\" width=\"70px\">Laskovas <\/td><td class=\"sarasas\" width=\"70px\">V<\/td><td class=\"sarasas\" width=\"40px\">53<\/td><td class=\"sarasas\" width=\"50px\">LTU<\/td><td class=\"sarasas\" width=\"50px\">1<\/td><td style=\"text-align: left; padding-left: 10px;\" class=\"sarasas\" width=\"40px\"><span style=\"color: #8B008B;\">#26:<\/span> 4:15:51<span style=\"color: red;\"> - 42.195 km <\/span><br\/><\/td><td class=\"sarasas\" width=\"150px\">04:15:51<\/td><td class=\"sarasas\" width=\"50px\">42.195<\/td><td class=\"sarasas\" width=\"50px\">04:15:51<\/td><\/tr><tr class=\"meniuoff\" onmouseover=\"className=&quot;meniuon&quot;\" onmouseout=\"className=&quot;meniuoff&quot;\"><td>14.<\/td><td style=\"text-align: right; padding-right: 10px;\" class=\"sarasas\" width=\"40px\">Mangirdas<\/td><td style=\"text-align: left; padding-left: 10px;\" class=\"sarasas\" width=\"70px\">Malinauskas<\/td><td class=\"sarasas\" width=\"70px\">V<\/td><td class=\"sarasas\" width=\"40px\">45<\/td><td class=\"sarasas\" width=\"50px\">LTU<\/td><td class=\"sarasas\" width=\"50px\">1<\/td><td style=\"text-align: left; padding-left: 10px;\" class=\"sarasas\" width=\"40px\"><span style=\"color: #8B008B;\">#26:<\/span> 4:20:30<span style=\"color: red;\"> - 42.195 km <\/span><br\/><\/td><td class=\"sarasas\" width=\"150px\">04:20:30<\/td><td class=\"sarasas\" width=\"50px\">42.195<\/td><td class=\"sarasas\" width=\"50px\">04:20:30<\/td><\/tr><tr class=\"meniuoff\" onmouseover=\"className=&quot;meniuon&quot;\" onmouseout=\"className=&quot;meniuoff&quot;\"><td>15.<\/td><td style=\"text-align: right; padding-right: 10px;\" class=\"sarasas\" width=\"40px\">Tadas<\/td><td style=\"text-align: left; padding-left: 10px;\" class=\"sarasas\" width=\"70px\">Beniulis<\/td><td class=\"sarasas\" width=\"70px\">V<\/td><td class=\"sarasas\" width=\"40px\">47<\/td><td class=\"sarasas\" width=\"50px\">LTU<\/td><td class=\"sarasas\" width=\"50px\">1<\/td><td style=\"text-align: left; padding-left: 10px;\" class=\"sarasas\" width=\"40px\"><span style=\"color: #8B008B;\">#26:<\/span> 5:12:18<span style=\"color: red;\"> - 42.195 km <\/span><br\/><\/td><td class=\"sarasas\" width=\"150px\">05:12:18<\/td><td class=\"sarasas\" width=\"50px\">42.195<\/td><td class=\"sarasas\" width=\"50px\">05:12:18<\/td><\/tr><\/table><\/div>\n<p>&nbsp;<\/p>\n","protected":false},"excerpt":{"rendered":"<p>&nbsp;<\/p>\n","protected":false},"author":1,"featured_media":0,"parent":0,"menu_order":0,"comment_status":"closed","ping_status":"closed","template":"templates\/full-width-page.php","meta":{"footnotes":""},"class_list":["post-495","page","type-page","status-publish","hentry"],"_links":{"self":[{"href":"https:\/\/www.myrace.lt\/klajoklis\/wp-json\/wp\/v2\/pages\/495","targetHints":{"allow":["GET"]}}],"collection":[{"href":"https:\/\/www.myrace.lt\/klajoklis\/wp-json\/wp\/v2\/pages"}],"about":[{"href":"https:\/\/www.myrace.lt\/klajoklis\/wp-json\/wp\/v2\/types\/page"}],"author":[{"embeddable":true,"href":"https:\/\/www.myrace.lt\/klajoklis\/wp-json\/wp\/v2\/users\/1"}],"replies":[{"embeddable":true,"href":"https:\/\/www.myrace.lt\/klajoklis\/wp-json\/wp\/v2\/comments?post=495"}],"version-history":[{"count":4,"href":"https:\/\/www.myrace.lt\/klajoklis\/wp-json\/wp\/v2\/pages\/495\/revisions"}],"predecessor-version":[{"id":1220,"href":"https:\/\/www.myrace.lt\/klajoklis\/wp-json\/wp\/v2\/pages\/495\/revisions\/1220"}],"wp:attachment":[{"href":"https:\/\/www.myrace.lt\/klajoklis\/wp-json\/wp\/v2\/media?parent=495"}],"curies":[{"name":"wp","href":"https:\/\/api.w.org\/{rel}","templated":true}]}}