{"id":8,"date":"2024-01-02T15:12:33","date_gmt":"2024-01-02T15:12:33","guid":{"rendered":"https:\/\/myrace.lt\/arenosmaratonas\/?page_id=8"},"modified":"2026-01-31T15:02:12","modified_gmt":"2026-01-31T13:02:12","slug":"registracija","status":"publish","type":"page","link":"https:\/\/www.myrace.lt\/arenosmaratonas\/","title":{"rendered":"Registracija"},"content":{"rendered":"<p style=\"text-align: center;\"><span style=\"color: #000080; font-size: 24pt;\"><strong>I\u0161ankstin\u0117 registracija \u012f &#8222;Utenos arenos maratonas 2026&#8221;\u00a0 u\u017edaryta. <\/strong><\/span><\/p>\n<p style=\"text-align: center;\"><span style=\"color: #000080; font-size: 24pt;\"><strong>Registracija galima tik starto vietoje renginio dien\u0105. <\/strong><\/span><\/p>\n<p style=\"text-align: center;\"><span style=\"color: #000080; font-size: 24pt;\"><strong>Laisvos 7 vietos<\/strong><\/span><\/p>\n<p>&nbsp;<\/p>\n<p><img loading=\"lazy\" decoding=\"async\" class=\"aligncenter wp-image-224 size-large\" src=\"https:\/\/www.myrace.lt\/arenosmaratonas\/wp-content\/uploads\/sites\/12\/2025\/12\/25-12-11-at-08.55.10-874x1024.jpeg\" alt=\"\" width=\"810\" height=\"949\" srcset=\"https:\/\/www.myrace.lt\/arenosmaratonas\/wp-content\/uploads\/sites\/12\/2025\/12\/25-12-11-at-08.55.10-874x1024.jpeg 874w, https:\/\/www.myrace.lt\/arenosmaratonas\/wp-content\/uploads\/sites\/12\/2025\/12\/25-12-11-at-08.55.10-256x300.jpeg 256w, https:\/\/www.myrace.lt\/arenosmaratonas\/wp-content\/uploads\/sites\/12\/2025\/12\/25-12-11-at-08.55.10-768x900.jpeg 768w, https:\/\/www.myrace.lt\/arenosmaratonas\/wp-content\/uploads\/sites\/12\/2025\/12\/25-12-11-at-08.55.10.jpeg 960w\" sizes=\"auto, (max-width: 810px) 100vw, 810px\" \/><\/p>\n<p><code><\/code><\/p>\n<p>&nbsp;<\/p>\n","protected":false},"excerpt":{"rendered":"<p>I\u0161ankstin\u0117 registracija \u012f &#8222;Utenos arenos maratonas 2026&#8221;\u00a0 u\u017edaryta. Registracija galima tik starto vietoje renginio dien\u0105. Laisvos 7 vietos &nbsp; &nbsp;<\/p>\n","protected":false},"author":1,"featured_media":0,"parent":0,"menu_order":0,"comment_status":"closed","ping_status":"closed","template":"","meta":{"footnotes":""},"class_list":["post-8","page","type-page","status-publish","hentry"],"_links":{"self":[{"href":"https:\/\/www.myrace.lt\/arenosmaratonas\/wp-json\/wp\/v2\/pages\/8","targetHints":{"allow":["GET"]}}],"collection":[{"href":"https:\/\/www.myrace.lt\/arenosmaratonas\/wp-json\/wp\/v2\/pages"}],"about":[{"href":"https:\/\/www.myrace.lt\/arenosmaratonas\/wp-json\/wp\/v2\/types\/page"}],"author":[{"embeddable":true,"href":"https:\/\/www.myrace.lt\/arenosmaratonas\/wp-json\/wp\/v2\/users\/1"}],"replies":[{"embeddable":true,"href":"https:\/\/www.myrace.lt\/arenosmaratonas\/wp-json\/wp\/v2\/comments?post=8"}],"version-history":[{"count":21,"href":"https:\/\/www.myrace.lt\/arenosmaratonas\/wp-json\/wp\/v2\/pages\/8\/revisions"}],"predecessor-version":[{"id":245,"href":"https:\/\/www.myrace.lt\/arenosmaratonas\/wp-json\/wp\/v2\/pages\/8\/revisions\/245"}],"wp:attachment":[{"href":"https:\/\/www.myrace.lt\/arenosmaratonas\/wp-json\/wp\/v2\/media?parent=8"}],"curies":[{"name":"wp","href":"https:\/\/api.w.org\/{rel}","templated":true}]}}